{"id":204,"date":"2018-10-24T21:40:48","date_gmt":"2018-10-24T19:40:48","guid":{"rendered":"https:\/\/tsv-heiningen.de\/tischtennis\/?page_id=204"},"modified":"2021-05-05T07:51:12","modified_gmt":"2021-05-05T05:51:12","slug":"historie","status":"publish","type":"page","link":"https:\/\/tsv-heiningen.de\/tischtennis\/historie\/","title":{"rendered":"Historie"},"content":{"rendered":"<h2>\u00dcber 40 Jahre Tischtennis beim TSV Heiningen<\/h2>\n<p>Wir schreiben das Jahr <strong>2018<\/strong> und blicken auf den augenblicklichen Stand der Tischtennis-Abteilung in sportlicher Hinsicht: Mit 5 aktiven Mannschaften, 3 Jugendmannschaften und 1 Seniorenmannschaft nehmen wir derzeit am Spielbetrieb des Tischtennis-Bezirks Staufen im Tischtennis-Verband W\u00fcrttemberg-Hohenzollern teil. Damit geh\u00f6ren wir aktuell zu den 5 mannschaftsst\u00e4rksten Vereinen im Tischtennis-Bezirk Staufen.<\/p>\n<p>Dies war jedoch nicht immer so, wie ein R\u00fcckblick auf die Entstehung und die Entwicklung der Tischtennis-Abteilung zeigt. Begonnen hatte alles im Jahre <strong>1975<\/strong>. Schon lange hatte damals in Heiningen der Wunsch unter einigen Mitgliedern des TSV Heiningen 1892 e. V und Au\u00dfenstehender bestanden, gemeinsam Tischtennis zu spielen. Auf Initiative von Werner Munz, dem damaligen 2. Vorstand des TSV Heiningen, kam es am 20. Februar 1975 in Anwesenheit von 15 Tischtennis-Interessierten zur Gr\u00fcndung einer Tischtennis-Abteilung innerhalb des traditionsreichen Vereins und zur Wahl von Albrecht Kuhn als erstem Abteilungsleiter. Durch die Fertigstellung der vom Gemeindeverwaltungs-Verband \u201eVoralb\u201c erstellten Voralbhalle stand nunmehr in der vereinseigenen TSV-Turnhalle gen\u00fcgend \u00dcbungsraum f\u00fcr die bisherigen Garagen-Tischtennisspieler zur Verf\u00fcgung.<\/p>\n<p>Zun\u00e4chst nur als Freizeitsportgruppe konzipiert, war vor allem bei den j\u00fcngeren Tischtennisspielern bald der Wunsch vorhanden, am Mannschafts-Spielbetrieb des Tischtennis-Bezirks Staufen teilzunehmen. Noch im Herbst 1975 wurde von der noch jungen Abteilung das Vorhaben verwirklicht: Mit einer Herren-, einer Jugend- und einer M\u00e4dchenmannschaft wurde in das Spieljahr 1975\/76 gestartet.<\/p>\n<p>Die Mannschaftszahlen stiegen in den folgenden Jahren kontinuierlich an: Im Jahre <strong>1986 <\/strong>nahmen wir mit der seither nie mehr erreichten Rekordzahl von 13 Mannschaften am Spielbetrieb teil. Wie auch in anderen Sportarten wurde es aber in den Folgejahren immer schwieriger, Sch\u00fcler und Jugendliche f\u00fcr den Tischtennis-Sport zu gewinnen und\u00a0 zu begeistern. Eine Stagnation und in sp\u00e4teren Jahren ein teilweiser R\u00fcckgang, insbesondere im Jugendbereich, waren die Folge.<\/p>\n<p>Im Jubil\u00e4ums-Jahr<strong> 2000<\/strong>, in dem die Abteilung ihren 25. Geburtstag feierte, konnte sich der Mannschaftsstand jedoch durchaus wieder sehen lassen: 5 Herren-, 2 Senioren-, 1 Jugend -und 2 Sch\u00fclermannschaften k\u00e4mpften in der Spielrunde 1999\/2000 f\u00fcr die Farben des TSV Heiningen. Das Traumziel \u201eMeisterschaft \u00a0der 1. Mannschaft in der Bezirksliga Esslingen-Staufen\u201c und der damit verbundene Aufstieg in die Landesliga wurde mit dem Erreichen \u201enur\u201c der Vizemeisterschaft leider knapp verfehlt.<\/p>\n<p>Nach diesem Jubil\u00e4umsjahr, in dem die Abteilung mit zahlreichen gesellschaftlichen und sportlichen Veranstaltungen (u. a. mit dem Auftritt von J\u00f6rg Ro\u00dfkopf in der Voralbhalle in Heiningen) auf sich aufmerksam machte, kam jedoch eine einschneidende Z\u00e4sur: Der langj\u00e4hrige erfolgreiche Abteilungsleiter Georg W\u00e4gerle stellte sich f\u00fcr dieses Amt nicht mehr zur Verf\u00fcgung, aus der 1. Mannschaft verabschiedeten sich 5 Spieler zu anderen Vereinen. Diesen personellen Aderlass konnte die Abteilung naturgem\u00e4\u00df nicht mit eigenen Kr\u00e4ften kompensieren; im folgenden Spieljahr konnten 5 Mannschaften ihre bisherige Klasse nicht mehr halten und mussten absteigen.<\/p>\n<p>Mit dem Willen zum sportlichen Erfolg und einem nach wie vor vorhandenen Stamm an treuen Mitarbeitern konnten wir jedoch im Jahr <strong>2002 <\/strong>wieder mit verhaltenem Optimismus in die Zukunft blicken: Neben 4 Herrenmannschaften und einer Seniorenmannschaft nahmen im Spieljahr 2002\/03 wieder erstmals 4 Mannschaften aus dem Jugend- und Sch\u00fclerbereich am Spielbetrieb teil.<\/p>\n<p>Eine wichtige Ver\u00e4nderung gab es <strong>2005:<\/strong> Marcus Rippler \u00fcbernahm von Albrecht Kuhn, der im Krisenjahr 2001 interimsm\u00e4\u00dfig die Abteilungsf\u00fchrung wieder \u00fcbernommen hatte, das Amt des Abteilungsleiters und brachte neuen Schwung in die Abteilung. Mit einer gro\u00df aufgezogenen 30-Jahr-Feier, zu der alle ehemaligen Spielerinnen und Spieler eingeladen wurden und teilweise sogar aus dem Ausland anreisten, stellte sich die Abteilung nach innen und au\u00dfen in \u00fcberzeugender Manier dar. Auch die au\u00dfersportlichen Aktivit\u00e4ten wie Schachturnier, Fu\u00dfballturnier, Beteiligung am Heininger Starenfest, Sommerfest, Kulturwoche, Weihnachtsfeier, Skiausflug etc. wurden in bew\u00e4hrter Weise weitergef\u00fchrt und <strong>2007<\/strong> mit einem erstmaligen gelungenen Wochenendausflug nach Mallorca noch erg\u00e4nzt.<\/p>\n<p><strong>2009 <\/strong>betrat die Abteilung Neuland, denn mit der Verpflichtung von Vasil Ivanov, einem ehemaligen bulgarischen Nationalspieler, als Trainer der Jugend und der Aktiven, wollte man im sportlichen Bereich ein Zeichen setzen. Und mit einem weiteren Highlight machte die Abteilung <strong>2010<\/strong> von sich reden: Sie veranstaltete in der Voralb-Halle in Heiningen den \u201eOrion-Super-Cup\u201c,\u00a0 bei dem u. a. die Weltklassespieler Chen Weixing, Timo Boll, Christian S\u00fc\u00df und Jan-Ove Waldner teilnahmen und bei dem Timo Boll als Sieger geehrt wurde.<\/p>\n<p>In den Folgejahren gelang es den Standard von 5 aktiven Mannschaften und 2 Senioren-Mannschaften zu halten, wobei nach l\u00e4ngerer Zeit der 1. Mannschaft auch wieder der Aufstieg in die Bezirksklasse gelang. Bei der Jugend war aber leider ein deutlicher personeller R\u00fcckgang zu verzeichnen: Ab der Saison 2012 konnten wir nur noch eine Jugend-Mannschaft melden und in der Saison 2013\/2014 vor\u00fcbergehend gar keine mehr.<\/p>\n<p>Im Jahr <strong>2015<\/strong> feierten wir den 40. Geburtstag der TT-Abteilung mit einem \u201eTag der offenen T\u00fcr\u201c, einem TT-Jedermann-Turnier und einem Kameradschaftsabend f\u00fcr alle Mitglieder und Freunde der Abteilung. Auch in personeller Hinsicht wurden die Weichen in der Abteilungsspitze neu gestellt: Nach 10 Jahren \u00fcbergab Marcus Rippler den Stab als Abteilungsleiter an Christian Neuburger, der aus beruflichen Gr\u00fcnden diesen nach 2 Jahren an Daniel Butz weiterreichte. Auch im Jugendbereich war Positives zu vermelden: Der fr\u00fchere langj\u00e4hrige Erfolgstrainer Georg W\u00e4gerle konnte wieder f\u00fcr eine Mitarbeit in der Jugendarbeit gewonnen werden, was in der steigenden Zahl der Sch\u00fcler- und Jugendspieler und in den wieder-gemeldeten Jugendmannschaften alsbald ihren Niederschlag fand. Letzteres war und ist deshalb besonders wichtig, da eine steigende \u00dcberalterung der aktiven Mannschaften seit l\u00e4ngerem nicht zu \u00fcbersehen ist und diese einer Auffrischung durch \u201ejunges Blut\u201c dringend bed\u00fcrfen.<\/p>\n<p>Eine nach wie vor motivierte Crew an treuen Mitarbeitern und die solide Finanzsituation der Abteilung geben Hoffnung, dass die Abteilung auch in naher Zukunft weiterhin auf soliden Beinen stehen kann mit der realistischen Perspektive einer guten weiteren sportlichen Entwicklung.<\/p>\n<p><em><strong>Albrecht Kuhn<\/strong><\/em><\/p>\n","protected":false},"excerpt":{"rendered":"<p>\u00dcber 40 Jahre Tischtennis beim TSV Heiningen Wir schreiben das Jahr 2018 und blicken auf den augenblicklichen Stand der Tischtennis-Abteilung in sportlicher Hinsicht: Mit 5 aktiven Mannschaften, 3 Jugendmannschaften und 1 Seniorenmannschaft nehmen wir derzeit am Spielbetrieb des Tischtennis-Bezirks Staufen im Tischtennis-Verband W\u00fcrttemberg-Hohenzollern teil. Damit geh\u00f6ren wir aktuell zu den 5 mannschaftsst\u00e4rksten Vereinen im Tischtennis-Bezirk [&hellip;]<\/p>\n","protected":false},"author":42,"featured_media":0,"parent":0,"menu_order":5,"comment_status":"closed","ping_status":"closed","template":"","meta":{"_acf_changed":false,"footnotes":""},"class_list":["post-204","page","type-page","status-publish","hentry"],"acf":[],"_links":{"self":[{"href":"https:\/\/tsv-heiningen.de\/tischtennis\/wp-json\/wp\/v2\/pages\/204","targetHints":{"allow":["GET"]}}],"collection":[{"href":"https:\/\/tsv-heiningen.de\/tischtennis\/wp-json\/wp\/v2\/pages"}],"about":[{"href":"https:\/\/tsv-heiningen.de\/tischtennis\/wp-json\/wp\/v2\/types\/page"}],"author":[{"embeddable":true,"href":"https:\/\/tsv-heiningen.de\/tischtennis\/wp-json\/wp\/v2\/users\/42"}],"replies":[{"embeddable":true,"href":"https:\/\/tsv-heiningen.de\/tischtennis\/wp-json\/wp\/v2\/comments?post=204"}],"version-history":[{"count":15,"href":"https:\/\/tsv-heiningen.de\/tischtennis\/wp-json\/wp\/v2\/pages\/204\/revisions"}],"predecessor-version":[{"id":779,"href":"https:\/\/tsv-heiningen.de\/tischtennis\/wp-json\/wp\/v2\/pages\/204\/revisions\/779"}],"wp:attachment":[{"href":"https:\/\/tsv-heiningen.de\/tischtennis\/wp-json\/wp\/v2\/media?parent=204"}],"curies":[{"name":"wp","href":"https:\/\/api.w.org\/{rel}","templated":true}]}}