{"id":747,"date":"2023-07-05T21:12:00","date_gmt":"2023-07-05T19:12:00","guid":{"rendered":"https:\/\/tsv-heiningen.de\/leichtathletik\/?page_id=747"},"modified":"2026-01-08T14:38:59","modified_gmt":"2026-01-08T13:38:59","slug":"vor-dem-dkl-2026","status":"publish","type":"page","link":"https:\/\/tsv-heiningen.de\/leichtathletik\/vor-dem-dkl-2026\/","title":{"rendered":"Vor dem DKL 2026"},"content":{"rendered":"<h1>Hallo, liebe L\u00e4uferinnen, L\u00e4ufer, Unterst\u00fctzer und G\u00e4ste<\/h1>\n<hr \/>\n<h3><\/h3>\n<p>&nbsp;<\/p>\n<h3 style=\"padding-left: 40px\"><del><span style=\"color: #f04343\">Ab sofort sind auch <a href=\"https:\/\/tsv-heiningen.de\/heininger-drei-koenigs-lauf-anmeldung-digital\/\" target=\"_blank\" rel=\"noopener\">ONLINE-Anmeldungen<\/a> m\u00f6glich!\u00a0<\/span><\/del><\/h3>\n<h3 style=\"padding-left: 40px\"><span style=\"color: #ffffff\">Zu sp\u00e4t, aber im Winter 2026 gehts wieder !<\/span><\/h3>\n<p style=\"padding-left: 40px\">(es \u00f6ffnet sich einer neuer Tab)<\/p>\n<p>&nbsp;<\/p>\n<hr \/>\n<p>&nbsp;<\/p>\n<p>Auch am 6. Januar 2026 werden wir wieder einen Drei-K\u00f6nigs-Lauf anbieten. Dieses Mal wird es dann der 19. Heininger Drei-K\u00f6nigs-Lauf sein.<\/p>\n<p>Sehr gut angenommen, und deshalb auch unver\u00e4ndert, wird der Start und das Ziel in der Kurzl\u00e4ndstra\u00dfe 5 in 73092 Heiningen sein. Auch die Laufstrecken bleiben identisch.<\/p>\n<p>&nbsp;<\/p>\n<h4>Aber bitte beachtet eine kleine \u00c4nderung in den zeitlichen Abl\u00e4ufen:<\/h4>\n<p style=\"padding-left: 40px\"><span style=\"color: #00ffff\">Kinderlauf (bis 10 Jahre), Distanz 1,5 km\u00a0 \u00a0 \u00a0&#8211; Start 11:30 Uhr<\/span><\/p>\n<p style=\"padding-left: 40px\"><span style=\"color: #00ffff\">Jugendlauf (bis 16 Jahre), Distanz 3,0 km\u00a0 \u00a0&#8211; Start 12:15 Uhr<\/span><\/p>\n<p>&nbsp;<\/p>\n<p>die anderen L\u00e4ufe starten unver\u00e4ndert:<\/p>\n<p style=\"padding-left: 40px\">Fitnesslauf, Distanz 5,6 km\u00a0 \u00a0 \u00a0 \u00a0 \u00a0 \u00a0 \u00a0 \u00a0&#8211; Start 13:00 Uhr<\/p>\n<p style=\"padding-left: 40px\">Nordic Walking, Distanz 5,6 km\u00a0 \u00a0 \u00a0 &#8211; Start 13:00 Uhr<\/p>\n<p style=\"padding-left: 40px\">Feuerwehrlauf, Distanz 5,6 km\u00a0 \u00a0 \u00a0 \u00a0 &#8211; Start 13:00 Uhr<\/p>\n<p style=\"padding-left: 40px\">Hauptlauf, Distanz 10,4 km\u00a0 \u00a0 \u00a0 \u00a0 \u00a0 \u00a0 \u00a0 &#8211; Start 14:30 Uhr<\/p>\n<p style=\"padding-left: 40px\">Feuerwehrlauf, Distanz 10,4 km\u00a0 \u00a0 \u00a0&#8211; Start 14:30 Uhr<\/p>\n<p>&nbsp;<\/p>\n<p>&nbsp;<\/p>\n<h3><span style=\"color: #00ffff\">Vom Startgeld aller Erwachsenen bei den 5,6km- und 10,4km-L\u00e4ufen spenden wir nach dem 06.01.2026 je 2 Euro an folgenden G\u00f6ppinger Verein:<\/span><\/h3>\n<h4 style=\"padding-left: 40px\">Fabrik f\u00fcr Kunst und Kultur e.V., G\u00f6ppingen<\/h4>\n<p style=\"padding-left: 40px\"><em>Der F.K.K. e.V. ist ein gemeinn\u00fctziger Verein in freier Tr\u00e4gerschaft mit \u00fcber 100 Mitgliedern. Er organisieren Veranstaltungen, setzt diese um und k\u00fcmmert sich um die Instandhaltung der Chapel im G\u00f6ppinger Stauferpark. Somit sieht der F.K.K. e.V. die Chapel als Begegnungsort, Raum f\u00fcr k\u00fcnstlerische und musikalische Entwicklungen, eine Schnittstelle von Underground und \u00d6ffentlichkeit.<\/em><\/p>\n<p style=\"padding-left: 40px\"><em>In dem Verein ist jeder als Mitglied willkommen und kann auch direkt mit loslegen. Wir freuen uns nat\u00fcrlich auch \u00fcber neue Kooperationspartner.<\/em><\/p>\n<p>&nbsp;<\/p>\n<p>Im Jahr 2025 waren Mitglieder der Leichtathletikabteilung bei einer vom F.K.K. e.V. veranstalteten Disco in der Chapel zu Gast:<\/p>\n<h4 style=\"padding-left: 40px\">Disco Inklusiv &#8211; Tanzen ohne Grenzen<\/h4>\n<p style=\"padding-left: 40px\"><em>Die Fabrik f\u00fcr Kunst und Kultur e.V. in Zusammenarbeit mit der drumherum UG S\u00fc\u00dfen erm\u00f6glicht ein barrierefreies Begegnen, Tanzen und Feiern zu Live Musik und DJ Party Musik. Die Disco Inklusiv findet mindestens 2 mal j\u00e4hrlich statt, dabei achten wir auf angemessene Lautst\u00e4rke und Lichtverh\u00e4ltnisse, so das auch G\u00e4ste z.B. mit Epilepsie, an der Veranstaltung teilnehmen k\u00f6nnen. Die Chapel verf\u00fcgt \u00fcber einen Rollstuhllift am Haupteingang und eine behindertengerechte Toilette sowie gen\u00fcgend Parkpl\u00e4tze am Haus. Die Veranstaltung findet immer an einem Sonntagnachmittag von 14-17 Uhr statt, da es so f\u00fcr Wohngruppen und Familien gut zu organisieren ist.<\/em><\/p>\n<p>&nbsp;<\/p>\n<p>Das Engagement, die Organistaion und praktische Umsetzung hat uns alle sehr beeindruckt. Deshalb wollen wir mit dem 19. Heininger Drei-K\u00f6nigs-Lauf diesen tollen Verein unterst\u00fctzen.<\/p>\n<p>Deren Angebot ist \u00e4u\u00dferst vielf\u00e4ltig &#8211; schaut doch mal rein, oder kommt vorbei!<\/p>\n<p style=\"padding-left: 40px\"><a title=\"Fabrik f\u00fcr Kunst und Kultur e.V.\" href=\"https:\/\/fabrikev.de\/verein\/\" target=\"_blank\" rel=\"noopener\">https:\/\/fabrikev.de\/verein\/<\/a><\/p>\n","protected":false},"excerpt":{"rendered":"<p>Hallo, liebe L\u00e4uferinnen, L\u00e4ufer, Unterst\u00fctzer und G\u00e4ste &nbsp; Ab sofort sind auch ONLINE-Anmeldungen m\u00f6glich!\u00a0 Zu sp\u00e4t, aber im Winter 2026 gehts wieder ! (es \u00f6ffnet sich einer neuer Tab) &nbsp; &nbsp; Auch am 6. Januar 2026 werden wir wieder einen Drei-K\u00f6nigs-Lauf anbieten. Dieses Mal wird es dann der 19. Heininger Drei-K\u00f6nigs-Lauf sein. Sehr gut angenommen, [&hellip;]<\/p>\n","protected":false},"author":47,"featured_media":687,"parent":0,"menu_order":1,"comment_status":"closed","ping_status":"closed","template":"","meta":{"_acf_changed":false,"footnotes":""},"class_list":["post-747","page","type-page","status-publish","has-post-thumbnail","hentry"],"acf":[],"_links":{"self":[{"href":"https:\/\/tsv-heiningen.de\/leichtathletik\/wp-json\/wp\/v2\/pages\/747","targetHints":{"allow":["GET"]}}],"collection":[{"href":"https:\/\/tsv-heiningen.de\/leichtathletik\/wp-json\/wp\/v2\/pages"}],"about":[{"href":"https:\/\/tsv-heiningen.de\/leichtathletik\/wp-json\/wp\/v2\/types\/page"}],"author":[{"embeddable":true,"href":"https:\/\/tsv-heiningen.de\/leichtathletik\/wp-json\/wp\/v2\/users\/47"}],"replies":[{"embeddable":true,"href":"https:\/\/tsv-heiningen.de\/leichtathletik\/wp-json\/wp\/v2\/comments?post=747"}],"version-history":[{"count":28,"href":"https:\/\/tsv-heiningen.de\/leichtathletik\/wp-json\/wp\/v2\/pages\/747\/revisions"}],"predecessor-version":[{"id":1984,"href":"https:\/\/tsv-heiningen.de\/leichtathletik\/wp-json\/wp\/v2\/pages\/747\/revisions\/1984"}],"wp:featuredmedia":[{"embeddable":true,"href":"https:\/\/tsv-heiningen.de\/leichtathletik\/wp-json\/wp\/v2\/media\/687"}],"wp:attachment":[{"href":"https:\/\/tsv-heiningen.de\/leichtathletik\/wp-json\/wp\/v2\/media?parent=747"}],"curies":[{"name":"wp","href":"https:\/\/api.w.org\/{rel}","templated":true}]}}