{"id":39,"date":"2018-08-22T21:45:12","date_gmt":"2018-08-22T19:45:12","guid":{"rendered":"https:\/\/tsv-heiningen.de\/leichtathletik\/?page_id=39"},"modified":"2025-01-15T20:49:32","modified_gmt":"2025-01-15T19:49:32","slug":"dreikoenigslauf2020","status":"publish","type":"page","link":"https:\/\/tsv-heiningen.de\/leichtathletik\/dreikoenigslauf2020\/","title":{"rendered":"Vor dem DKL 2020"},"content":{"rendered":"<p><em>Der TSV Heiningen 1892 e.V. geht am 6. Januar 2020 mit der 15. Auflage des Heininger Drei-K\u00f6nigs-Laufs ins Rennen. Wer mitl\u00e4uft, tut nicht nur sich etwas Gutes: Zwei Euro aus jeder Anmeldegeb\u00fchr f\u00fcr den Hauptlauf gehen an eine lokale gemeinn\u00fctzige Organisation.\u00a0<\/em><\/p>\n<p>Der Heininger Drei-K\u00f6nigs-Lauf ist die Kr\u00f6nung unter den famili\u00e4ren Winterl\u00e4ufen und lockt am 6. Januar 2020 wieder Teilnehmer aller Altersklassen mit landschaftlich reizvollen Strecken ins Voralbgebiet. Neu in diesem Jahr: Der TSV Heiningen spendet zwei Euro je Hauptl\u00e4ufer an das Deutsche Rote Kreuz Heiningen-Eschenbach. Das entspricht 20 Prozent der Teilnahmegeb\u00fchr aus dem Hauptlauf.<\/p>\n<p>Die Strecken verlaufen zwischen Heiningen, Eschenbach und G\u00f6ppingen. Teilnehmer des Heininger Drei-K\u00f6nigs-Laufs sch\u00e4tzen vor allem dessen famili\u00e4re Atmosph\u00e4re. Kinder und Jugendliche w\u00e4hlen zwischen der 1,5 und 3,0 Kilometer-Distanz und starten ab 13:00 Uhr. Auch erwachsenen L\u00e4ufern steht die 3,0 Kilometer-Distanz zur Verf\u00fcgung. Der Startschuss zum Hauptlauf \u00fcber 10,4 Kilometern f\u00e4llt um 14 Uhr. Zeitgleich treten Walker und Nordic-Walker ihre 5,6 Kilometer-Distanz an.<\/p>\n<p>Als Schirmherr der Veranstaltung wird Norbert Aufrecht, B\u00fcrgermeister der Gemeinde Heiningen, den Startschuss jedes Laufs abfeuern und bei der Siegerehrung zugegen sein. Start und Ziel sind an der Heininger TSV-Halle in der Kurzl\u00e4ndstra\u00dfe 5. Alle Wettk\u00e4mpfe erfolgen mit Zeitmessung, die Wertungen gem\u00e4\u00df der Altersklassen des Deutschen Leichtathletik-Verbands. Die Siegerehrung findet kurz nach den L\u00e4ufen in der Heininger TSV Halle statt. Hier ist w\u00e4hrend der gesamten Veranstaltung f\u00fcr das leibliche Wohl der Athleten und G\u00e4ste gesorgt. Wer seinen inneren Schweinehund besiegt und das Jahr 2020 mit dem Heininger Drei-K\u00f6nigs-Lauf sportlich beginnt, ist schon am Start ein Sieger.<\/p>\n<p><strong>Start + Ziel:<\/strong>\u00a0TSV-Halle, Kurzl\u00e4ndstra\u00dfe 5, 73092 Heiningen (am Bahn\u00fcbergang)<\/p>\n<h2>Distanzen<\/h2>\n<p>1,5 km Sch\u00fcler\/Sch\u00fclerinnen und Jugend<br \/>\nStart: 13:00 Uhr<br \/>\n<a href=\"https:\/\/tsv-heiningen.de\/leichtathletik\/wp-content\/uploads\/sites\/24\/Luftaufnahme_Heininger_Drei-Koenigs-Lauf_1_5km.pdf\" target=\"_blank\" rel=\"noopener noreferrer\">Zur Laufstrecke<\/a><\/p>\n<p>3,0 km Sch\u00fcler\/Sch\u00fclerinnen und Jugend<br \/>\nStart: 13:30 Uhr<br \/>\n<a href=\"https:\/\/tsv-heiningen.de\/leichtathletik\/wp-content\/uploads\/sites\/24\/Luftaufnahme_Heininger_Drei-Koenigs-Lauf_3km.pdf\" target=\"_blank\" rel=\"noopener noreferrer\">Zur Laufstrecke<\/a><\/p>\n<p>10,4 km Jugend, Frauen, M\u00e4nner und Senioren<br \/>\nStart: 14:00 Uhr<br \/>\n<a href=\"https:\/\/tsv-heiningen.de\/leichtathletik\/wp-content\/uploads\/sites\/24\/Luftaufnahme_Heininger_Drei-Koenigs-Lauf_10_4km.pdf\" target=\"_blank\" rel=\"noopener noreferrer\">Zur Laufstrecke<\/a><\/p>\n<p>5,6 km NORDIC WALKING f\u00fcr Jugend, Frauen, M\u00e4nner und Senioren<br \/>\nStart: 14:00 Uhr<br \/>\n<a href=\"https:\/\/tsv-heiningen.de\/leichtathletik\/wp-content\/uploads\/sites\/24\/Luftaufnahme_Heininger_Drei-Koenigs-Lauf_56km_Nordic-Walking.pdf\" target=\"_blank\" rel=\"noopener noreferrer\">Zur Laufstrecke<\/a><\/p>\n<hr \/>\n<h2>Vorteile f\u00fcr unsere L\u00e4ufer<\/h2>\n<ul>\n<li>Vom DLV genehmigter Volkslauf<\/li>\n<li>Alle L\u00e4ufe mit Zeitmessung<\/li>\n<li>Urkunden und Ergebnislisten, auf Wunsch per E-Mail<\/li>\n<li>Wertungen gem\u00e4\u00df DLV-Altersklassen<\/li>\n<li>Medizinische Betreuung durch DRK Ortsgruppe Heiningen<\/li>\n<li>F\u00fcr Athleten werden beheizte Aufenthaltsr\u00e4ume, Umkleiden, Duschen und kostenlose warme Getr\u00e4nke angeboten<\/li>\n<li>Kaffee und Kuchen, warme Speisen und sonstige Getr\u00e4nke f\u00fcr L\u00e4ufer und G\u00e4ste gegen geringen Unkostenbeitrag<\/li>\n<li>Famili\u00e4re Atmosph\u00e4re<\/li>\n<li>Nachmeldungen ab 5. Januar bis sp\u00e4testens 1 Stunde vor Start m\u00f6glich<\/li>\n<li>Ausreichend Parkpl\u00e4tze in der n\u00e4heren Umgebung vorhanden bei Penny, Netto und an der Voralbhalle<\/li>\n<\/ul>\n<hr \/>\n<h2>Anmeldung<\/h2>\n<p><strong>Meldungen sind zu richten an den TSV Heiningen, Abteilung Leichtathletik:<\/strong><\/p>\n<p>Brief:\u00a0\u00a0\u00a0\u00a0\u00a0\u00a0\u00a0\u00a0 Postfach 1167, 73088 Heiningen<\/p>\n<p>Fax: \u00a0 \u00a0 \u00a0 \u00a0\u00a0 07161 \/ 94 62 97<\/p>\n<p>Telefon: \u00a0\u00a0 07161 \/ 43 44 0<\/p>\n<p>E- Mail: \u00a0\u00a0 <a href=\"mailto:drei-koenigs-lauf@testing.tsv-heiningen.de?subject=Drei-K\u00f6nigs-Lauf Anmeldung von\">drei-koenigs-lauf@testing.tsv-heiningen.de<\/a><\/p>\n<hr \/>\n<h2><strong>Startgeb\u00fchren<\/strong><\/h2>\n<table style=\"border-collapse: collapse;width: 100%\" border=\"1\">\n<tbody>\n<tr>\n<td style=\"width: 50%\">1,5 km und 3 km<\/td>\n<td style=\"width: 50%\">5,00 Euro<\/td>\n<\/tr>\n<tr>\n<td style=\"width: 50%\">10,4 km und 5,6 km Nordic-Walking<\/td>\n<td style=\"width: 50%\">10,00 Euro<\/td>\n<\/tr>\n<tr>\n<td style=\"width: 50%\">ab 5. Januar zuz\u00fcglich Nachmeldegeb\u00fchr<\/td>\n<td style=\"width: 50%\">+ 3,00 Euro<\/td>\n<\/tr>\n<\/tbody>\n<\/table>\n<p>\u00a0<\/p>\n","protected":false},"excerpt":{"rendered":"<p>Der TSV Heiningen 1892 e.V. geht am 6. Januar 2020 mit der 15. Auflage des Heininger Drei-K\u00f6nigs-Laufs ins Rennen. Wer mitl\u00e4uft, tut nicht nur sich etwas Gutes: Zwei Euro aus jeder Anmeldegeb\u00fchr f\u00fcr den Hauptlauf gehen an eine lokale gemeinn\u00fctzige Organisation.\u00a0 Der Heininger Drei-K\u00f6nigs-Lauf ist die Kr\u00f6nung unter den famili\u00e4ren Winterl\u00e4ufen und lockt am 6. [&hellip;]<\/p>\n","protected":false},"author":31,"featured_media":0,"parent":0,"menu_order":2,"comment_status":"closed","ping_status":"closed","template":"","meta":{"_acf_changed":false,"footnotes":""},"class_list":["post-39","page","type-page","status-publish","hentry"],"acf":[],"_links":{"self":[{"href":"https:\/\/tsv-heiningen.de\/leichtathletik\/wp-json\/wp\/v2\/pages\/39","targetHints":{"allow":["GET"]}}],"collection":[{"href":"https:\/\/tsv-heiningen.de\/leichtathletik\/wp-json\/wp\/v2\/pages"}],"about":[{"href":"https:\/\/tsv-heiningen.de\/leichtathletik\/wp-json\/wp\/v2\/types\/page"}],"author":[{"embeddable":true,"href":"https:\/\/tsv-heiningen.de\/leichtathletik\/wp-json\/wp\/v2\/users\/31"}],"replies":[{"embeddable":true,"href":"https:\/\/tsv-heiningen.de\/leichtathletik\/wp-json\/wp\/v2\/comments?post=39"}],"version-history":[{"count":47,"href":"https:\/\/tsv-heiningen.de\/leichtathletik\/wp-json\/wp\/v2\/pages\/39\/revisions"}],"predecessor-version":[{"id":1852,"href":"https:\/\/tsv-heiningen.de\/leichtathletik\/wp-json\/wp\/v2\/pages\/39\/revisions\/1852"}],"wp:attachment":[{"href":"https:\/\/tsv-heiningen.de\/leichtathletik\/wp-json\/wp\/v2\/media?parent=39"}],"curies":[{"name":"wp","href":"https:\/\/api.w.org\/{rel}","templated":true}]}}