{"id":309,"date":"2019-01-20T12:44:51","date_gmt":"2019-01-20T11:44:51","guid":{"rendered":"https:\/\/tsv-heiningen.de\/leichtathletik\/?page_id=309"},"modified":"2025-01-15T20:48:09","modified_gmt":"2025-01-15T19:48:09","slug":"drei-koenigs-lauf-2020","status":"publish","type":"page","link":"https:\/\/tsv-heiningen.de\/leichtathletik\/drei-koenigs-lauf-2020\/","title":{"rendered":"Nach dem DKL 2020"},"content":{"rendered":"<p><img decoding=\"async\" class=\"alignnone wp-image-459 size-full\" src=\"https:\/\/tsv-heiningen.de\/leichtathletik\/wp-content\/uploads\/sites\/24\/IMG_4684.jpg\" alt=\"\" width=\"2048\" height=\"1365\" srcset=\"https:\/\/tsv-heiningen.de\/leichtathletik\/wp-content\/uploads\/sites\/24\/IMG_4684.jpg 2048w, https:\/\/tsv-heiningen.de\/leichtathletik\/wp-content\/uploads\/sites\/24\/IMG_4684-300x200.jpg 300w, https:\/\/tsv-heiningen.de\/leichtathletik\/wp-content\/uploads\/sites\/24\/IMG_4684-768x512.jpg 768w, https:\/\/tsv-heiningen.de\/leichtathletik\/wp-content\/uploads\/sites\/24\/IMG_4684-1024x683.jpg 1024w\" sizes=\"(max-width: 2048px) 100vw, 2048px\" \/><\/p>\n<p>&nbsp;<\/p>\n<p>Die 15. Auflage des Heininger Drei-K\u00f6nigs-Laufs <span style=\"font-weight: 400\">am 6. Januar 2020<\/span> verzeichnet einen Rekord von <strong>407 Teilnehmern<\/strong>. Vielen Dank f\u00fcr eure zahlreiche Teilnahme bei strahlendem Sonnenschein und angenehmen 4 Grad Celsius.<\/p>\n<p>&nbsp;<\/p>\n<p><img decoding=\"async\" class=\"alignnone size-medium wp-image-456\" src=\"https:\/\/tsv-heiningen.de\/leichtathletik\/wp-content\/uploads\/sites\/24\/IMG_4670-300x225.jpg\" alt=\"\" width=\"300\" height=\"225\" srcset=\"https:\/\/tsv-heiningen.de\/leichtathletik\/wp-content\/uploads\/sites\/24\/IMG_4670-300x225.jpg 300w, https:\/\/tsv-heiningen.de\/leichtathletik\/wp-content\/uploads\/sites\/24\/IMG_4670-768x576.jpg 768w, https:\/\/tsv-heiningen.de\/leichtathletik\/wp-content\/uploads\/sites\/24\/IMG_4670.jpg 1000w\" sizes=\"(max-width: 300px) 100vw, 300px\" \/> <img decoding=\"async\" class=\"alignnone size-medium wp-image-457\" src=\"https:\/\/tsv-heiningen.de\/leichtathletik\/wp-content\/uploads\/sites\/24\/IMG_4677-300x225.jpg\" alt=\"\" width=\"300\" height=\"225\" data-wp-editing=\"1\" srcset=\"https:\/\/tsv-heiningen.de\/leichtathletik\/wp-content\/uploads\/sites\/24\/IMG_4677-300x225.jpg 300w, https:\/\/tsv-heiningen.de\/leichtathletik\/wp-content\/uploads\/sites\/24\/IMG_4677-768x576.jpg 768w, https:\/\/tsv-heiningen.de\/leichtathletik\/wp-content\/uploads\/sites\/24\/IMG_4677.jpg 1000w\" sizes=\"(max-width: 300px) 100vw, 300px\" \/><\/p>\n<p>&nbsp;<\/p>\n<h2><span style=\"font-size: 24pt;color: #00ffff\">6. Januar 2020: d<\/span><span style=\"font-size: 24pt;color: #00ffff\">ie Ergebnislisten<\/span><\/h2>\n<p>Hier k\u00f6nnt ihr eure Ergebnisse vom 15. Heininger Drei-K\u00f6nigs-Lauf einsehen:<\/p>\n<ul>\n<li><a href=\"https:\/\/tsv-heiningen.de\/leichtathletik\/wp-content\/uploads\/sites\/24\/Drei-K\u00f6nigs-Lauf_2020_Ergebnisse_1_5km.pdf\" target=\"_blank\" rel=\"noopener noreferrer\">Drei-Ko\u0308nigs-Lauf 2020_Ergebnisse_1,5km<\/a><\/li>\n<li><a href=\"https:\/\/tsv-heiningen.de\/leichtathletik\/wp-content\/uploads\/sites\/24\/Drei-K\u00f6nigs-Lauf_2020_Ergebnisse_3_0km.pdf\" target=\"_blank\" rel=\"noopener noreferrer\">Drei-Ko\u0308nigs-Lauf 2020_Ergebnisse_3,0km<\/a><\/li>\n<li><a href=\"https:\/\/tsv-heiningen.de\/leichtathletik\/wp-content\/uploads\/sites\/24\/Drei-K\u00f6nigs-Lauf_2020_Ergebnisse_5_6km_Nordic-Walking.pdf\" target=\"_blank\" rel=\"noopener noreferrer\">Drei-Ko\u0308nigs-Lauf 2020_Ergebnisse_5,6km_Nordic-Walking<\/a><\/li>\n<li><a href=\"https:\/\/tsv-heiningen.de\/leichtathletik\/wp-content\/uploads\/sites\/24\/Drei-K\u00f6nigs-Lauf-2020_Ergebnisse_104km.pdf\" target=\"_blank\" rel=\"noopener noreferrer\">Drei-Ko\u0308nigs-Lauf 2020_Ergebnisse_10,4km<\/a> \u00a0 Update vom 09.01.<\/li>\n<li><a href=\"https:\/\/tsv-heiningen.de\/leichtathletik\/wp-content\/uploads\/sites\/24\/Drei-K\u00f6nigs-Lauf_2020_Ergebnisse_10_4km_FEUERWEHR-Lauf.pdf\">Drei-K\u00f6nigs-Lauf 2020 Ergebnisse 10,4km FEUERWEHRLAUF<\/a><\/li>\n<\/ul>\n<p>&nbsp;<\/p>\n<h2><span style=\"font-size: 24pt;color: #00ffff\">Gesamtergebnis Hauptlauf 10,4 km<\/span><\/h2>\n<h3><span style=\"color: #00ffff\">Pl\u00e4tze 1-3 Damen<\/span><\/h3>\n<table class=\"aligncenter alignleft\" style=\"width: 571px;border-style: solid\" border=\"1\">\n<tbody>\n<tr style=\"height: 24px\">\n<td style=\"width: 61px;height: 24px\">1. Platz<\/td>\n<td style=\"width: 76px;height: 24px\">00:46:21<\/td>\n<td style=\"width: 186px;height: 24px\">Sarina Wolf<\/td>\n<td style=\"width: 219px;height: 24px\">BWK Ulm<\/td>\n<\/tr>\n<tr style=\"height: 24px\">\n<td style=\"width: 61px;height: 24px\">2. Platz<\/td>\n<td style=\"width: 76px;height: 24px\">00:46:31<\/td>\n<td style=\"width: 186px;height: 24px\">Manuela Ricci<\/td>\n<td style=\"width: 219px;height: 24px\">M+M Endurance<\/td>\n<\/tr>\n<tr style=\"height: 24px\">\n<td style=\"width: 61px;height: 24px\">3. Platz<\/td>\n<td style=\"width: 76px;height: 24px\">00:48:20<\/td>\n<td style=\"width: 186px;height: 24px\">Sandra Burkhardt<\/td>\n<td style=\"width: 219px;height: 24px\">Team Allianz Ralph Ehmann<\/td>\n<\/tr>\n<\/tbody>\n<\/table>\n<h3><\/h3>\n<h3><\/h3>\n<h3><\/h3>\n<h3><span style=\"color: #00ffff\">Pl\u00e4tze 1-3 Herren<\/span><\/h3>\n<table class=\"alignleft\" style=\"width: 600px;border-style: solid;height: 72px\" border=\"1\">\n<tbody>\n<tr style=\"height: 24px\">\n<td style=\"width: 68px;height: 24px\">1. Platz<\/td>\n<td style=\"width: 77px;height: 24px\">00:34:15<\/td>\n<td style=\"width: 178px;height: 24px\">Hannes Gro\u00dfkopf<\/td>\n<td style=\"width: 249px;height: 24px\">Sparda-Team Rechberghausen<\/td>\n<\/tr>\n<tr style=\"height: 24px\">\n<td style=\"width: 68px;height: 24px\">2. Platz<\/td>\n<td style=\"width: 77px;height: 24px\">00:37:00<\/td>\n<td style=\"width: 178px;height: 24px\">Elias Tomas Gabure<\/td>\n<td style=\"width: 249px;height: 24px\">Sparda-Team Rechberghausen<\/td>\n<\/tr>\n<tr style=\"height: 24px\">\n<td style=\"width: 68px;height: 24px\">3. Platz<\/td>\n<td style=\"width: 77px;height: 24px\">00:37:42<\/td>\n<td style=\"width: 178px;height: 24px\">Steffen Krebs<\/td>\n<td style=\"width: 249px;height: 24px\">DJK Schw\u00e4bisch Gm\u00fcnd<\/td>\n<\/tr>\n<\/tbody>\n<\/table>\n<h2><\/h2>\n<h2><\/h2>\n<p>&nbsp;<\/p>\n<h2><span style=\"font-size: 24pt;color: #00ffff\">Spendenergebnis<\/span><\/h2>\n<p><span style=\"font-weight: 400\">Neu in diesem Jahr: Die sportliche Leistung honorierte der TSV Heiningen nicht nur durch charmante Pr\u00e4sente f\u00fcr die Sieger aller Kategorien, der Verein spendete auch zwei Euro je Hauptl\u00e4ufer an das Deutsche Rote Kreuz Heiningen-Eschenbach.<\/span><\/p>\n<p>Bei insgesamt <strong>314 Teilnehmern am Hauptlauf<\/strong> (incl. Feuerwehrlauf) entspricht die <strong>Spendensumme 628 Euro<\/strong>.<\/p>\n<p>Im Rahmen der Siegerehrung gab das <span style=\"font-weight: 400\">Deutsche Rote Kreuz Heiningen-Eschenbach bekannt, die Spende f\u00fcr den Kauf neuer Ger\u00e4tschaften verwenden zu wollen. Somit komme die Summe der Allgemeinheit zu Gute.<\/span><\/p>\n<p>&nbsp;<\/p>\n<h2><span style=\"font-size: 24pt;color: #00ffff\">Feuerwehrlauf<\/span><\/h2>\n<p>Eine weitere Neuerung in diesem Jahr war die gesonderte Wertung f\u00fcr Feuerwehrleute. Diese liefen die 10,4 Kilometer des Hauptlaufs in ihrer kompletten Einsatzkleidung mit Atemschutzger\u00e4t zu Trainingszwecken.<\/p>\n<p>&nbsp;<\/p>\n<p><img decoding=\"async\" class=\"alignnone wp-image-460 size-full\" src=\"https:\/\/tsv-heiningen.de\/leichtathletik\/wp-content\/uploads\/sites\/24\/IMG_4698.jpg\" alt=\"\" width=\"1024\" height=\"682\" \/><\/p>\n<p>&nbsp;<\/p>\n<p>Auch f\u00fcr das n\u00e4chste Jahr ist ein Feuerwehrlauf angedacht. Wir freuen uns sehr, wenn auch weitere Feuerwehren dabei sind. Die Ausr\u00fcstung f\u00fcr den Lauf sollte bestehen aus:<\/p>\n<ul>\n<li>Helm<\/li>\n<li>Einsatzjacke<\/li>\n<li>Einsatzhose (AGT-\u00dcberhose, HuPF-Hose)<\/li>\n<li>Atemschutzger\u00e4t (GFK-Flasche, ohne Maske, nicht angeschlossen)<\/li>\n<li>Laufschuhe<\/li>\n<\/ul>\n<p>Meldet euch bei Interesse gern per E-Mail an <a href=\"mailto:drei-koenigs-lauf@testing.tsv-heiningen.de?subject=Heininger%20Drei-K\u00f6nigs-Lauf%20FEUERWEHRLAUF%20:\">drei-koenigs-lauf@testing.tsv-heiningen.de<\/a>.<\/p>\n<p>&nbsp;<\/p>\n<h2><span style=\"font-size: 24pt;color: #00ffff\">Fotos<\/span><\/h2>\n<p>Das Team von Schwaben-Foto war an der Strecke aktiv. <a href=\"https:\/\/www.flickr.com\/photos\/schwabenfoto\/albums\/72157712550859383\" target=\"_blank\" rel=\"noopener noreferrer\">Hier<\/a> geht&#8217;s zu ihrer Bildergalerie.<\/p>\n<p style=\"padding-left: 40px\">Homepage: <a href=\"https:\/\/www.schwaben-foto.com\/\" target=\"_blank\" rel=\"noopener noreferrer\">https:\/\/www.schwaben-foto.com\/<\/a><\/p>\n<p>Franziska P\u00f6nsgen hat uns auch mit professionellen Fotos unterst\u00fctzt. <a href=\"https:\/\/franziska-poensgen.de\/picdrop\/tPm4cSGyPg\" target=\"_blank\" rel=\"noopener noreferrer\">Hier<\/a> geht\u00b4s zur Bildergalerie (Zeitlich begrenztes Angebot).<\/p>\n<p style=\"padding-left: 40px\">Kontakt: <a href=\"mailto:info@franziska-poensgen.de?subject=Heininger%20Drei-K\u00f6nigs-Lauf%20:\" target=\"_blank\" rel=\"noopener noreferrer\">info@franziska-poensgen.de<\/a><\/p>\n<p>&nbsp;<\/p>\n<p>Weitere Fotos \u2013 auch alle Aufnahmen von der Siegerehrung \u2013 folgen.<\/p>\n<p>&nbsp;<\/p>\n<figure id=\"attachment_458\" aria-describedby=\"caption-attachment-458\" style=\"width: 225px\" class=\"wp-caption alignnone\"><img decoding=\"async\" class=\"wp-image-458 size-medium\" src=\"https:\/\/tsv-heiningen.de\/leichtathletik\/wp-content\/uploads\/sites\/24\/IMG_4681-225x300.jpg\" alt=\"\" width=\"225\" height=\"300\" srcset=\"https:\/\/tsv-heiningen.de\/leichtathletik\/wp-content\/uploads\/sites\/24\/IMG_4681-225x300.jpg 225w, https:\/\/tsv-heiningen.de\/leichtathletik\/wp-content\/uploads\/sites\/24\/IMG_4681.jpg 750w\" sizes=\"(max-width: 225px) 100vw, 225px\" \/><figcaption id=\"caption-attachment-458\" class=\"wp-caption-text\">Auch Heini, unser Heininger Maskottchen, war dabei und feuerte die L\u00e4ufer an.<\/figcaption><\/figure>\n","protected":false},"excerpt":{"rendered":"<p>&nbsp; Die 15. Auflage des Heininger Drei-K\u00f6nigs-Laufs am 6. Januar 2020 verzeichnet einen Rekord von 407 Teilnehmern. Vielen Dank f\u00fcr eure zahlreiche Teilnahme bei strahlendem Sonnenschein und angenehmen 4 Grad Celsius. &nbsp; &nbsp; 6. Januar 2020: die Ergebnislisten Hier k\u00f6nnt ihr eure Ergebnisse vom 15. Heininger Drei-K\u00f6nigs-Lauf einsehen: Drei-Ko\u0308nigs-Lauf 2020_Ergebnisse_1,5km Drei-Ko\u0308nigs-Lauf 2020_Ergebnisse_3,0km Drei-Ko\u0308nigs-Lauf 2020_Ergebnisse_5,6km_Nordic-Walking Drei-Ko\u0308nigs-Lauf [&hellip;]<\/p>\n","protected":false},"author":47,"featured_media":0,"parent":0,"menu_order":10,"comment_status":"closed","ping_status":"closed","template":"","meta":{"_acf_changed":false,"footnotes":""},"class_list":["post-309","page","type-page","status-publish","hentry"],"acf":[],"_links":{"self":[{"href":"https:\/\/tsv-heiningen.de\/leichtathletik\/wp-json\/wp\/v2\/pages\/309","targetHints":{"allow":["GET"]}}],"collection":[{"href":"https:\/\/tsv-heiningen.de\/leichtathletik\/wp-json\/wp\/v2\/pages"}],"about":[{"href":"https:\/\/tsv-heiningen.de\/leichtathletik\/wp-json\/wp\/v2\/types\/page"}],"author":[{"embeddable":true,"href":"https:\/\/tsv-heiningen.de\/leichtathletik\/wp-json\/wp\/v2\/users\/47"}],"replies":[{"embeddable":true,"href":"https:\/\/tsv-heiningen.de\/leichtathletik\/wp-json\/wp\/v2\/comments?post=309"}],"version-history":[{"count":45,"href":"https:\/\/tsv-heiningen.de\/leichtathletik\/wp-json\/wp\/v2\/pages\/309\/revisions"}],"predecessor-version":[{"id":1851,"href":"https:\/\/tsv-heiningen.de\/leichtathletik\/wp-json\/wp\/v2\/pages\/309\/revisions\/1851"}],"wp:attachment":[{"href":"https:\/\/tsv-heiningen.de\/leichtathletik\/wp-json\/wp\/v2\/media?parent=309"}],"curies":[{"name":"wp","href":"https:\/\/api.w.org\/{rel}","templated":true}]}}

<p><img decoding="async" class="alignnone wp-image-459 size-full" src="https://tsv-heiningen.de/leichtathletik/wp-content/uploads/sites/24/IMG_4684.jpg" alt="" width="2048" height="1365" srcset="https://tsv-heiningen.de/leichtathletik/wp-content/uploads/sites/24/IMG_4684.jpg 2048w, https://tsv-heiningen.de/leichtathletik/wp-content/uploads/sites/24/IMG_4684-300x200.jpg 300w, https://tsv-heiningen.de/leichtathletik/wp-content/uploads/sites/24/IMG_4684-768x512.jpg 768w, https://tsv-heiningen.de/leichtathletik/wp-content/uploads/sites/24/IMG_4684-1024x683.jpg 1024w" sizes="(max-width: 2048px) 100vw, 2048px" /></p>
<p>&nbsp;</p>
<p>Die 15. Auflage des Heininger Drei-Königs-Laufs <span style="font-weight: 400">am 6. Januar 2020</span> verzeichnet einen Rekord von <strong>407 Teilnehmern</strong>. Vielen Dank für eure zahlreiche Teilnahme bei strahlendem Sonnenschein und angenehmen 4 Grad Celsius.</p>
<p>&nbsp;</p>
<p><img decoding="async" class="alignnone size-medium wp-image-456" src="https://tsv-heiningen.de/leichtathletik/wp-content/uploads/sites/24/IMG_4670-300x225.jpg" alt="" width="300" height="225" srcset="https://tsv-heiningen.de/leichtathletik/wp-content/uploads/sites/24/IMG_4670-300x225.jpg 300w, https://tsv-heiningen.de/leichtathletik/wp-content/uploads/sites/24/IMG_4670-768x576.jpg 768w, https://tsv-heiningen.de/leichtathletik/wp-content/uploads/sites/24/IMG_4670.jpg 1000w" sizes="(max-width: 300px) 100vw, 300px" /> <img decoding="async" class="alignnone size-medium wp-image-457" src="https://tsv-heiningen.de/leichtathletik/wp-content/uploads/sites/24/IMG_4677-300x225.jpg" alt="" width="300" height="225" data-wp-editing="1" srcset="https://tsv-heiningen.de/leichtathletik/wp-content/uploads/sites/24/IMG_4677-300x225.jpg 300w, https://tsv-heiningen.de/leichtathletik/wp-content/uploads/sites/24/IMG_4677-768x576.jpg 768w, https://tsv-heiningen.de/leichtathletik/wp-content/uploads/sites/24/IMG_4677.jpg 1000w" sizes="(max-width: 300px) 100vw, 300px" /></p>
<p>&nbsp;</p>
<h2><span style="font-size: 24pt;color: #00ffff">6. Januar 2020: d</span><span style="font-size: 24pt;color: #00ffff">ie Ergebnislisten</span></h2>
<p>Hier könnt ihr eure Ergebnisse vom 15. Heininger Drei-Königs-Lauf einsehen:</p>
<ul>
<li><a href="https://tsv-heiningen.de/leichtathletik/wp-content/uploads/sites/24/Drei-Königs-Lauf_2020_Ergebnisse_1_5km.pdf" target="_blank" rel="noopener noreferrer">Drei-Königs-Lauf 2020_Ergebnisse_1,5km</a></li>
<li><a href="https://tsv-heiningen.de/leichtathletik/wp-content/uploads/sites/24/Drei-Königs-Lauf_2020_Ergebnisse_3_0km.pdf" target="_blank" rel="noopener noreferrer">Drei-Königs-Lauf 2020_Ergebnisse_3,0km</a></li>
<li><a href="https://tsv-heiningen.de/leichtathletik/wp-content/uploads/sites/24/Drei-Königs-Lauf_2020_Ergebnisse_5_6km_Nordic-Walking.pdf" target="_blank" rel="noopener noreferrer">Drei-Königs-Lauf 2020_Ergebnisse_5,6km_Nordic-Walking</a></li>
<li><a href="https://tsv-heiningen.de/leichtathletik/wp-content/uploads/sites/24/Drei-Königs-Lauf-2020_Ergebnisse_104km.pdf" target="_blank" rel="noopener noreferrer">Drei-Königs-Lauf 2020_Ergebnisse_10,4km</a>   Update vom 09.01.</li>
<li><a href="https://tsv-heiningen.de/leichtathletik/wp-content/uploads/sites/24/Drei-Königs-Lauf_2020_Ergebnisse_10_4km_FEUERWEHR-Lauf.pdf">Drei-Königs-Lauf 2020 Ergebnisse 10,4km FEUERWEHRLAUF</a></li>
</ul>
<p>&nbsp;</p>
<h2><span style="font-size: 24pt;color: #00ffff">Gesamtergebnis Hauptlauf 10,4 km</span></h2>
<h3><span style="color: #00ffff">Plätze 1-3 Damen</span></h3>
<table class="aligncenter alignleft" style="width: 571px;border-style: solid" border="1">
<tbody>
<tr style="height: 24px">
<td style="width: 61px;height: 24px">1. Platz</td>
<td style="width: 76px;height: 24px">00:46:21</td>
<td style="width: 186px;height: 24px">Sarina Wolf</td>
<td style="width: 219px;height: 24px">BWK Ulm</td>
</tr>
<tr style="height: 24px">
<td style="width: 61px;height: 24px">2. Platz</td>
<td style="width: 76px;height: 24px">00:46:31</td>
<td style="width: 186px;height: 24px">Manuela Ricci</td>
<td style="width: 219px;height: 24px">M+M Endurance</td>
</tr>
<tr style="height: 24px">
<td style="width: 61px;height: 24px">3. Platz</td>
<td style="width: 76px;height: 24px">00:48:20</td>
<td style="width: 186px;height: 24px">Sandra Burkhardt</td>
<td style="width: 219px;height: 24px">Team Allianz Ralph Ehmann</td>
</tr>
</tbody>
</table>
<h3></h3>
<h3></h3>
<h3></h3>
<h3><span style="color: #00ffff">Plätze 1-3 Herren</span></h3>
<table class="alignleft" style="width: 600px;border-style: solid;height: 72px" border="1">
<tbody>
<tr style="height: 24px">
<td style="width: 68px;height: 24px">1. Platz</td>
<td style="width: 77px;height: 24px">00:34:15</td>
<td style="width: 178px;height: 24px">Hannes Großkopf</td>
<td style="width: 249px;height: 24px">Sparda-Team Rechberghausen</td>
</tr>
<tr style="height: 24px">
<td style="width: 68px;height: 24px">2. Platz</td>
<td style="width: 77px;height: 24px">00:37:00</td>
<td style="width: 178px;height: 24px">Elias Tomas Gabure</td>
<td style="width: 249px;height: 24px">Sparda-Team Rechberghausen</td>
</tr>
<tr style="height: 24px">
<td style="width: 68px;height: 24px">3. Platz</td>
<td style="width: 77px;height: 24px">00:37:42</td>
<td style="width: 178px;height: 24px">Steffen Krebs</td>
<td style="width: 249px;height: 24px">DJK Schwäbisch Gmünd</td>
</tr>
</tbody>
</table>
<h2></h2>
<h2></h2>
<p>&nbsp;</p>
<h2><span style="font-size: 24pt;color: #00ffff">Spendenergebnis</span></h2>
<p><span style="font-weight: 400">Neu in diesem Jahr: Die sportliche Leistung honorierte der TSV Heiningen nicht nur durch charmante Präsente für die Sieger aller Kategorien, der Verein spendete auch zwei Euro je Hauptläufer an das Deutsche Rote Kreuz Heiningen-Eschenbach.</span></p>
<p>Bei insgesamt <strong>314 Teilnehmern am Hauptlauf</strong> (incl. Feuerwehrlauf) entspricht die <strong>Spendensumme 628 Euro</strong>.</p>
<p>Im Rahmen der Siegerehrung gab das <span style="font-weight: 400">Deutsche Rote Kreuz Heiningen-Eschenbach bekannt, die Spende für den Kauf neuer Gerätschaften verwenden zu wollen. Somit komme die Summe der Allgemeinheit zu Gute.</span></p>
<p>&nbsp;</p>
<h2><span style="font-size: 24pt;color: #00ffff">Feuerwehrlauf</span></h2>
<p>Eine weitere Neuerung in diesem Jahr war die gesonderte Wertung für Feuerwehrleute. Diese liefen die 10,4 Kilometer des Hauptlaufs in ihrer kompletten Einsatzkleidung mit Atemschutzgerät zu Trainingszwecken.</p>
<p>&nbsp;</p>
<p><img decoding="async" class="alignnone wp-image-460 size-full" src="https://tsv-heiningen.de/leichtathletik/wp-content/uploads/sites/24/IMG_4698.jpg" alt="" width="1024" height="682" /></p>
<p>&nbsp;</p>
<p>Auch für das nächste Jahr ist ein Feuerwehrlauf angedacht. Wir freuen uns sehr, wenn auch weitere Feuerwehren dabei sind. Die Ausrüstung für den Lauf sollte bestehen aus:</p>
<ul>
<li>Helm</li>
<li>Einsatzjacke</li>
<li>Einsatzhose (AGT-Überhose, HuPF-Hose)</li>
<li>Atemschutzgerät (GFK-Flasche, ohne Maske, nicht angeschlossen)</li>
<li>Laufschuhe</li>
</ul>
<p>Meldet euch bei Interesse gern per E-Mail an <a href="mailto:drei-koenigs-lauf@testing.tsv-heiningen.de?subject=Heininger%20Drei-Königs-Lauf%20FEUERWEHRLAUF%20:">drei-koenigs-lauf@testing.tsv-heiningen.de</a>.</p>
<p>&nbsp;</p>
<h2><span style="font-size: 24pt;color: #00ffff">Fotos</span></h2>
<p>Das Team von Schwaben-Foto war an der Strecke aktiv. <a href="https://www.flickr.com/photos/schwabenfoto/albums/72157712550859383" target="_blank" rel="noopener noreferrer">Hier</a> geht&#8217;s zu ihrer Bildergalerie.</p>
<p style="padding-left: 40px">Homepage: <a href="https://www.schwaben-foto.com/" target="_blank" rel="noopener noreferrer">https://www.schwaben-foto.com/</a></p>
<p>Franziska Pönsgen hat uns auch mit professionellen Fotos unterstützt. <a href="https://franziska-poensgen.de/picdrop/tPm4cSGyPg" target="_blank" rel="noopener noreferrer">Hier</a> geht´s zur Bildergalerie (Zeitlich begrenztes Angebot).</p>
<p style="padding-left: 40px">Kontakt: <a href="mailto:info@franziska-poensgen.de?subject=Heininger%20Drei-Königs-Lauf%20:" target="_blank" rel="noopener noreferrer">info@franziska-poensgen.de</a></p>
<p>&nbsp;</p>
<p>Weitere Fotos – auch alle Aufnahmen von der Siegerehrung – folgen.</p>
<p>&nbsp;</p>
<figure id="attachment_458" aria-describedby="caption-attachment-458" style="width: 225px" class="wp-caption alignnone"><img decoding="async" class="wp-image-458 size-medium" src="https://tsv-heiningen.de/leichtathletik/wp-content/uploads/sites/24/IMG_4681-225x300.jpg" alt="" width="225" height="300" srcset="https://tsv-heiningen.de/leichtathletik/wp-content/uploads/sites/24/IMG_4681-225x300.jpg 225w, https://tsv-heiningen.de/leichtathletik/wp-content/uploads/sites/24/IMG_4681.jpg 750w" sizes="(max-width: 225px) 100vw, 225px" /><figcaption id="caption-attachment-458" class="wp-caption-text">Auch Heini, unser Heininger Maskottchen, war dabei und feuerte die Läufer an.</figcaption></figure>

<p>&nbsp; Die 15. Auflage des Heininger Drei-Königs-Laufs am 6. Januar 2020 verzeichnet einen Rekord von 407 Teilnehmern. Vielen Dank für eure zahlreiche Teilnahme bei strahlendem Sonnenschein und angenehmen 4 Grad Celsius. &nbsp; &nbsp; 6. Januar 2020: die Ergebnislisten Hier könnt ihr eure Ergebnisse vom 15. Heininger Drei-Königs-Lauf einsehen: Drei-Königs-Lauf 2020_Ergebnisse_1,5km Drei-Königs-Lauf 2020_Ergebnisse_3,0km Drei-Königs-Lauf 2020_Ergebnisse_5,6km_Nordic-Walking Drei-Königs-Lauf [&hellip;]</p>
