{"id":23,"date":"2018-08-22T21:39:25","date_gmt":"2018-08-22T19:39:25","guid":{"rendered":"https:\/\/tsv-heiningen.de\/leichtathletik\/?page_id=23"},"modified":"2024-05-20T14:08:16","modified_gmt":"2024-05-20T12:08:16","slug":"abteilung","status":"publish","type":"page","link":"https:\/\/tsv-heiningen.de\/leichtathletik\/abteilung\/","title":{"rendered":"Die Abteilung"},"content":{"rendered":"<div class=\"wpb-content-wrapper\"><p>[vc_row][vc_column][vc_column_text]<\/p>\n<h2>Das m\u00f6chten wir st\u00e4rken und vermitteln:<\/h2>\n<ul>\n<li>die K\u00f6rpererfahrung und das Bewegungsempfinden,<\/li>\n<li>Leichtathletik als Individualsportart, eingebettet in ein Gemeinschaftserlebnis,<\/li>\n<li>Leichtathletik als Natursport und die<\/li>\n<li>Identit\u00e4ts- und Pers\u00f6nlichkeitsf\u00f6rderung<\/li>\n<\/ul>\n<p>Auch mit Spielleichtathletik wollen wir es den Kindern und Jugendlichen erm\u00f6glichen, den Leistungsgedanken und Spa\u00dffaktor miteinander kombinieren zu k\u00f6nnen.[\/vc_column_text][\/vc_column][\/vc_row][vc_row][vc_column]<div id=\"1716206888236-f25e21be-7c43\" class=\"dt-sc-empty-space\"><\/div>[\/vc_column][\/vc_row][vc_row][vc_column][vc_column_text]<\/p>\n<h2>Unsere Motivation<\/h2>\n<p>\u201eFreude an leichtathletischer Bewegung mit spielerisch-kindgerechten Methoden.\u201c<\/p>\n<p><em>Trainer-Stab und Vorstandschaft<\/em>[\/vc_column_text][\/vc_column][\/vc_row]<\/p>\n<\/div>","protected":false},"excerpt":{"rendered":"<p>[vc_row][vc_column][vc_column_text] Das m\u00f6chten wir st\u00e4rken und vermitteln: die K\u00f6rpererfahrung und das Bewegungsempfinden, Leichtathletik als Individualsportart, eingebettet in ein Gemeinschaftserlebnis, Leichtathletik als Natursport und die Identit\u00e4ts- und Pers\u00f6nlichkeitsf\u00f6rderung Auch mit Spielleichtathletik wollen wir es den Kindern und Jugendlichen erm\u00f6glichen, den Leistungsgedanken und Spa\u00dffaktor miteinander kombinieren zu k\u00f6nnen.[\/vc_column_text][\/vc_column][\/vc_row][vc_row][vc_column][\/vc_column][\/vc_row][vc_row][vc_column][vc_column_text] Unsere Motivation \u201eFreude an leichtathletischer Bewegung mit spielerisch-kindgerechten Methoden.\u201c [&hellip;]<\/p>\n","protected":false},"author":47,"featured_media":0,"parent":0,"menu_order":3,"comment_status":"closed","ping_status":"closed","template":"","meta":{"_acf_changed":false,"footnotes":""},"class_list":["post-23","page","type-page","status-publish","hentry"],"acf":[],"_links":{"self":[{"href":"https:\/\/tsv-heiningen.de\/leichtathletik\/wp-json\/wp\/v2\/pages\/23","targetHints":{"allow":["GET"]}}],"collection":[{"href":"https:\/\/tsv-heiningen.de\/leichtathletik\/wp-json\/wp\/v2\/pages"}],"about":[{"href":"https:\/\/tsv-heiningen.de\/leichtathletik\/wp-json\/wp\/v2\/types\/page"}],"author":[{"embeddable":true,"href":"https:\/\/tsv-heiningen.de\/leichtathletik\/wp-json\/wp\/v2\/users\/47"}],"replies":[{"embeddable":true,"href":"https:\/\/tsv-heiningen.de\/leichtathletik\/wp-json\/wp\/v2\/comments?post=23"}],"version-history":[{"count":13,"href":"https:\/\/tsv-heiningen.de\/leichtathletik\/wp-json\/wp\/v2\/pages\/23\/revisions"}],"predecessor-version":[{"id":1675,"href":"https:\/\/tsv-heiningen.de\/leichtathletik\/wp-json\/wp\/v2\/pages\/23\/revisions\/1675"}],"wp:attachment":[{"href":"https:\/\/tsv-heiningen.de\/leichtathletik\/wp-json\/wp\/v2\/media?parent=23"}],"curies":[{"name":"wp","href":"https:\/\/api.w.org\/{rel}","templated":true}]}}