{"id":1791,"date":"2025-01-07T20:55:20","date_gmt":"2025-01-07T19:55:20","guid":{"rendered":"https:\/\/tsv-heiningen.de\/leichtathletik\/?page_id=1791"},"modified":"2025-01-13T20:45:49","modified_gmt":"2025-01-13T19:45:49","slug":"nach-dem-dkl-2025","status":"publish","type":"page","link":"https:\/\/tsv-heiningen.de\/leichtathletik\/nach-dem-dkl-2025\/","title":{"rendered":"Nach dem DKL 2025"},"content":{"rendered":"<div class=\"wpb-content-wrapper\"><p>[vc_row][vc_column][vc_column_text css=&#8220;&#8220;]<\/p>\n<h2 align=\"center\">Was f\u00fcr ein sch\u00f6ner Tag!<\/h2>\n<h3 align=\"center\">Ein L\u00e4ufer-Fest mit mehr als 300 hochmotivierten Teilnehmern<span style=\"color: #000080\"><span style=\"font-size: x-large\">!<\/span><\/span><\/h3>\n<p><span style=\"font-size: xx-large\">R<\/span>outiniert hat das Helferteam am fr\u00fchen Montagmorgen begonnen, die TSV-Halle, die Laufstrecken und den Start-Ziel-Bereich f\u00fcr unser Event des Jahres, den <b>18. Heininger Drei-K\u00f6nigs-Lauf<\/b>, herzurichten. Von den Helfern an den Strecken wurden wir darauf hingewiesen, dass es doch noch einige schattige Stellen auf den Laufstrecken gibt, welche leider am fr\u00fchen Morgen noch vereist waren. Nach einem kurzen Telefonat mit dem stellvertretenden Bauhofleiter war dieser mit einem Kollegen und einem Streufahrzeug auch schon auf der Strecke und sorgte f\u00fcr sichere Laufstrecken f\u00fcr unsere L\u00e4uferinnen und L\u00e4ufer. Vielen Dank hierf\u00fcr an die Mitarbeiter vom Bauhof Heiningen-Eschenbach und ihren &#8222;Chef&#8220;, B\u00fcrgermeister Matthias Kreuzinger.<\/p>\n<p>&nbsp;<\/p>\n<p><span style=\"font-size: xx-large\"><img decoding=\"async\" class=\"alignnone size-full wp-image-1820\" src=\"https:\/\/tsv-heiningen.de\/leichtathletik\/wp-content\/uploads\/sites\/24\/DKL_2025_Start_Kinderlauf_1_5km.jpg\" alt=\"\" width=\"640\" height=\"480\" \/><\/span><\/p>\n<p><span style=\"font-size: xx-large\">M<\/span>it jeder Stunde wurde das Wetter besser und wir konnten den ersten Lauf \u00fcber 1,5 km sorgenfrei p\u00fcnktlich um 12 Uhr starten. Es hatten sich auch schon viele Starter der anderen L\u00e4ufe eingefunden und wir alle konnten \u00fcber 20 Kids bei den 3 Runden auf der Kurzl\u00e4ndstra\u00dfe jubelnd unterst\u00fctzen. Nach einer kurzen Einweisung in den Umgang mit einer Signalpistole hat unser Heininger B\u00fcrgermeister auch gleich loslegen d\u00fcrfen und die L\u00e4ufe gestartet.\u00a0 Gemeinsam mit den Zuschauern z\u00e4hlten wir von 10, 9, 8, 7,&#8230; auf 1 und PENG &#8211; alle rannten los.<\/p>\n<p><span style=\"font-size: xx-large\">N<\/span>ach dem Start der n\u00e4chsten Gruppe \u00fcber die 3 km Strecke wurden auch gleich die Siegerehrungen mit unseren J\u00fcngsten durchgef\u00fchrt. Alle Teilnehmer erhielten eine Eintrittskarte f\u00fcr das Heininger Voralbbad oder die daneben liegende Minigolfanlage. Die ersten 3 Pl\u00e4tze bei den Jungen und M\u00e4dchen erhielten zus\u00e4tzlich noch je ein Heininger Albtrauf-S\u00e4ckchen, selbstverst\u00e4ndlich alkoholfrei. Dieses nette und regionale Geschenk k\u00f6nnen auch Sie auf dem Heininger Rathaus f\u00fcr ihre N\u00e4chsten und Liebsten k\u00e4uflich erwerben.<\/p>\n<p><span style=\"font-size: xx-large\">K<\/span>urz darauf waren auch schon die ersten L\u00e4ufer \u00fcber 3 km im Ziel und wurden von den Eltern und Zuschauern bejubelt. Bei allen L\u00e4ufen erhielten die Teilnehmer nach den L\u00e4ufen einen warmen Punsch zur ersten St\u00e4rkung und gegen die K\u00e4lte.<\/p>\n<p><span style=\"font-size: xx-large\">S<\/span>o richtig kalt war es ja zu unser aller Gl\u00fcck nicht, aber auf den ungesch\u00fctzten Laufstrecken zwischen Heiningen, Eschenbach und dem Iltishof, zwischen Acker, Feld und Wiese, umrahmt von den 3 Kaiserbergen und Gr\u00fcnenberg, Wasserberg, Fuchseck und Bo\u00dfler, war es zeitweise doch sehr windig und st\u00fcrmisch und es f\u00fchlte sich dadurch noch k\u00e4lter an. R\u00fcckenwind ist ja durchaus vorteilhaft, aber sp\u00e4testens auf dem R\u00fcckweg f\u00fchlte sich mancher L\u00e4ufer wie am Berg. Dieser kr\u00e4ftige Wind von vorne k\u00fchlt nicht nur, der bremst auch geh\u00f6rig!<\/p>\n<p><span style=\"font-size: xx-large\">K<\/span>urzzeitig gr\u00fc\u00dfte uns sogar die Sonne zwischen den Wolken und die L\u00e4uferinnen und L\u00e4ufer freuten sich \u00fcber die zahlreichen Zuschauer entlang den Laufstrecken.<br \/>\nBestens unterst\u00fctzt durch die vielen G\u00e4ste auch an der TSV-Halle und durch das doch gute Wetter haben die L\u00e4uferinnen und L\u00e4ufer sehr gute Zeiten erzielt und wir sahen sehr viele gl\u00fcckliche und zufriedene Gesichter auch hinter der Ziellinie.<\/p>\n<p>&nbsp;<\/p>\n<p><img decoding=\"async\" class=\"alignnone size-full wp-image-1822\" src=\"https:\/\/tsv-heiningen.de\/leichtathletik\/wp-content\/uploads\/sites\/24\/DKL_2025_Teilnehmer_am_Feuerwehrlauf_ueber_56_km.jpg\" alt=\"\" width=\"640\" height=\"480\" \/><\/p>\n<p><span style=\"font-size: xx-large\">E<\/span>ine wirklich besondere Herausforderung stellen auch dieses Jahr wieder die Feuerwehrl\u00e4ufe \u00fcber 5,6 km und 10,4 km dar. In Einsatzkleidung mit langer Hose und Jacke, Helm auf dem Kopf und Atemluftflasche auf dem R\u00fccken fanden sich viele Feuerwehrleute im Start ein. Besonders erw\u00e4hnen m\u00f6chte ich, dass auch drei Frauen am Feuerwehrlauf \u00fcber 5,6 km teilgenommen haben. Der Parkplatz vor der TSV-Halle war voll mit roten Autos aus Heidelberg, Freudental, Lichtenwald, Geislingen, Uhingen, Bad \u00dcberkingen, Bad Boll und Bosch Feuerbach.<br \/>\nDie Kameradschaft untereinander ist beachtlich und lobenswert. Viele Kameraden bew\u00e4ltigten die Strecken nicht alleine, sondern in Gruppen und wollten gemeinsam die Ziellinie \u00fcberschreiten.<\/p>\n<p><span style=\"font-size: xx-large\">D<\/span>ie Halle war dann auch\u00a0 proppenvoll und die Leistungen der Sieger aller L\u00e4ufe wurden im Rahmen der Siegerehrungen bekanntgegeben, und lautstark beklatscht. Auch hier erhielten die Pl\u00e4tze 1 bis 3 der M\u00e4nner und Frauen aller L\u00e4ufe eine Urkunde und ein Heininger Albtrauf-S\u00e4ckchen als Zeichen der Anerkennung ihrer Leistung.<\/p>\n<p><span style=\"font-size: xx-large\"><img decoding=\"async\" class=\"alignnone size-full wp-image-1828\" src=\"https:\/\/tsv-heiningen.de\/leichtathletik\/wp-content\/uploads\/sites\/24\/DKL_2025_Check-Uebergabe_Mukoviszidose_e_V.jpg\" alt=\"\" width=\"640\" height=\"480\" \/>D<\/span>as Organisationsteam um Daniel Butz (Abteilung Tischtennis) und J\u00fcrgen Blessing (Abteilung Leichtathletik) wird es sich auch dieses Jahr nicht nehmen lassen, Teile der Einnahmen f\u00fcr einen guten Zweck zu spenden. F\u00fcr jeden erwachsenen Teilnehmer spendet der TSV Heiningen 2 Euro an den Mukoviszidose e.V. Regionalgruppe G\u00f6ppingen. Matthias Kreuzinger moderierte zusammen mit Georg W\u00e4gerle kurzweilig und interessant die Siegerehrungen. Er lie\u00df es sich nicht nehmen, auch dieses ernste Thema anzusprechen und Birgit Krei\u00dfig gew\u00e4hrte interessante Einblicke in den Krankheitsverlauf und die Arbeit und Aufgaben des Vereins. Nach den Siegerehrungen hatten die Abteilungsleiter die ehrenvolle Aufgabe, einen symbolischen Spendenscheck \u00fcber 562 Euro an Frau Birgit Krei\u00dfig, Abgesandte der Regionalgruppe Mukoviszidose e.V., zu \u00fcberreichen.<\/p>\n<p><span style=\"font-size: xx-large\">M<\/span>ukoviszidose e.V. Regionalgruppe G\u00f6ppingen im Internet: <a class=\"moz-txt-link-freetext\" href=\"https:\/\/muko-goeppingen.de\/\" target=\"_blank\" rel=\"noopener\">https:\/\/muko-goeppingen.de\/<\/a><\/p>\n<p><span style=\"font-size: xx-large\">A<\/span>lle Ergebnisse vom 18. Heininger Drei-K\u00f6nigs-Lauf 2025 sind auf der Homepage beim TSV:<br \/>\n<a class=\"moz-txt-link-freetext\" href=\"https:\/\/tsv-heiningen.de\/leichtathletik\/home\/ergebnis-listen\/\">https:\/\/tsv-heiningen.de\/leichtathletik\/home\/ergebnis-listen\/<\/a><\/p>\n<p><span style=\"font-size: xx-large\">F<\/span>ranziska Poensgen ist ein Talent an der Spiegelreflexkamera und findet immer den idealen Moment f\u00fcr ein tolles ausdruckstarkes Foto. Ihre Fotos zeigen nicht nur den Menschen sondern verewigen zudem auch Emotionen und Leidenschaft. Auf Wunsch kann ich den Kontakt zu ihr herstellen. Sie stellt uns auch dieses Jahr hier ihre Fotos gerne zur Verf\u00fcgung:<\/p>\n<p><a href=\"https:\/\/www.picdrop.com\/www.franziska-poensgen.de\/K\u00f6nigslauf25\" target=\"_blank\" rel=\"noopener\">https:\/\/www.picdrop.com\/www.franziska-poensgen.de\/K\u00f6nigslauf25<\/a><\/p>\n<p><span style=\"font-size: xx-large\">D<\/span>as Team von Schwaben-Foto hat wieder wunderbare Augenblicke eingefangen. In der richtigen Millisekunde den Finger am Ausl\u00f6ser, das zeichnet die Jungs aus! Wenn Du einen guten Fotografen suchst: <a class=\"moz-txt-link-freetext\" href=\"https:\/\/www.schwaben-foto.com\/\" target=\"_blank\" rel=\"noopener\">https:\/\/www.schwaben-foto.com\/<\/a><br \/>\n<span style=\"font-size: xx-large\">H<\/span>ier findet ihr eine Auswahl an Fotos vom <b>18. Heininger Drei-K\u00f6nigs-Lauf<\/b> im Internet: <a class=\"moz-txt-link-freetext\" href=\"https:\/\/www.schwaben-foto.com\/gallery\/heiningen-dreikoenigslauf-2025\" target=\"_blank\" rel=\"noopener\">https:\/\/www.schwaben-foto.com\/gallery\/heiningen-dreikoenigslauf-2025<\/a><br \/>\n<span style=\"font-size: xx-large\">D<\/span>ie Urkunden k\u00f6nnen auf der Gesch\u00e4ftsstelle des TSV Heiningen in der Kurzl\u00e4ndstra\u00dfe 5 bis Ende Januar 2025 sehr gerne abgeholt werden. Die \u00d6ffnungszeiten bitte vorher erfragen, bzw. auf der Homepage schauen.<\/p>\n<p><span style=\"font-size: xx-large\">D<\/span>ie Organisatoren bedanken sich herzlichst bei allen Unterst\u00fctzern, Helfern, Streckenposten, Zeitnehmern, Rundenz\u00e4hlern, den K\u00f6chen der selbstgemachten vorz\u00fcglichen Kartoffelsuppe, den ehrenamtlichen Konditoren f\u00fcr ihre leckeren Kuchenspenden, bei der DRK Ortsgruppe Heiningen-Eschenbach, bei der Gesch\u00e4ftsstelle des TSV Heiningen, bei den Mitarbeitern vom Bauhof, beim Voralbbad Heiningen, welches uns die Sachpreise zur Verf\u00fcgung stellte und nicht zuletzt bei unserem B\u00fcrgermeister Matthias Kreuzinger. Er hatte zu jeder Zeit ein offenes Ohr f\u00fcr unsere Fragen und Bitten und unterst\u00fctzte uns bestens als Freund und Moderator und in seiner Funktion als B\u00fcrgermeister. Vielen Dank auch an die Anwohner, welche die zeitweisen Einschr\u00e4nkungen (L\u00e4rm, Parken, Zufahrten) klaglos akzeptiert haben.<\/p>\n<p><span style=\"font-size: xx-large\">A<\/span>llen G\u00e4sten und den Sportlern danken wir auch f\u00fcr die tolle Stimmung, interessante Gespr\u00e4che und angenehme Atmosph\u00e4re an diesem Tag.<\/p>\n<p>Sportliche Gr\u00fc\u00dfe<br \/>\nDaniel Butz, Abteilungsleitung Tischtennis<br \/>\nJ\u00fcrgen Blessing, Abteilungsleitung Leichtathletik[\/vc_column_text][\/vc_column][\/vc_row]<\/p>\n<\/div>","protected":false},"excerpt":{"rendered":"<p>[vc_row][vc_column][vc_column_text css=&#8220;&#8220;] Was f\u00fcr ein sch\u00f6ner Tag! Ein L\u00e4ufer-Fest mit mehr als 300 hochmotivierten Teilnehmern! Routiniert hat das Helferteam am fr\u00fchen Montagmorgen begonnen, die TSV-Halle, die Laufstrecken und den Start-Ziel-Bereich f\u00fcr unser Event des Jahres, den 18. Heininger Drei-K\u00f6nigs-Lauf, herzurichten. Von den Helfern an den Strecken wurden wir darauf hingewiesen, dass es doch noch einige [&hellip;]<\/p>\n","protected":false},"author":47,"featured_media":0,"parent":0,"menu_order":0,"comment_status":"closed","ping_status":"closed","template":"","meta":{"_acf_changed":false,"footnotes":""},"class_list":["post-1791","page","type-page","status-publish","hentry"],"acf":[],"_links":{"self":[{"href":"https:\/\/tsv-heiningen.de\/leichtathletik\/wp-json\/wp\/v2\/pages\/1791","targetHints":{"allow":["GET"]}}],"collection":[{"href":"https:\/\/tsv-heiningen.de\/leichtathletik\/wp-json\/wp\/v2\/pages"}],"about":[{"href":"https:\/\/tsv-heiningen.de\/leichtathletik\/wp-json\/wp\/v2\/types\/page"}],"author":[{"embeddable":true,"href":"https:\/\/tsv-heiningen.de\/leichtathletik\/wp-json\/wp\/v2\/users\/47"}],"replies":[{"embeddable":true,"href":"https:\/\/tsv-heiningen.de\/leichtathletik\/wp-json\/wp\/v2\/comments?post=1791"}],"version-history":[{"count":11,"href":"https:\/\/tsv-heiningen.de\/leichtathletik\/wp-json\/wp\/v2\/pages\/1791\/revisions"}],"predecessor-version":[{"id":1832,"href":"https:\/\/tsv-heiningen.de\/leichtathletik\/wp-json\/wp\/v2\/pages\/1791\/revisions\/1832"}],"wp:attachment":[{"href":"https:\/\/tsv-heiningen.de\/leichtathletik\/wp-json\/wp\/v2\/media?parent=1791"}],"curies":[{"name":"wp","href":"https:\/\/api.w.org\/{rel}","templated":true}]}}