{"id":991,"date":"2013-10-27T16:04:36","date_gmt":"2013-10-27T14:04:36","guid":{"rendered":"https:\/\/tsv-heiningen.de\/handball\/\/?page_id=991"},"modified":"2022-09-08T18:00:25","modified_gmt":"2022-09-08T16:00:25","slug":"minis-4","status":"publish","type":"page","link":"https:\/\/tsv-heiningen.de\/handball\/teams\/minis-4\/","title":{"rendered":"Minis"},"content":{"rendered":"<p><img decoding=\"async\" class=\"alignnone size-full wp-image-24532\" src=\"https:\/\/tsv-heiningen.de\/handball\/wp-content\/uploads\/sites\/3\/2022_Mannschaftsfoto_Minis.png\" alt=\"\" width=\"1233\" height=\"747\" srcset=\"https:\/\/tsv-heiningen.de\/handball\/wp-content\/uploads\/sites\/3\/2022_Mannschaftsfoto_Minis.png 1233w, https:\/\/tsv-heiningen.de\/handball\/wp-content\/uploads\/sites\/3\/2022_Mannschaftsfoto_Minis-768x465.png 768w\" sizes=\"(max-width: 1233px) 100vw, 1233px\" \/><\/p>\n<hr \/>\n<p><strong>Hinten von links:<\/strong> Trainerinnen Lina Sbrzesny, Vanessa Hadyk,\u00a0Milo Geller, Hannes Kallinger, Max Henkel, Beppo Kaspar, Emil Bachmaier, Jannik Werner, Trainer\/in Matthias Horn, Lilly \u00d6chsle<\/p>\n<p><strong>Vorne von links:<\/strong> Theo Bachmaier, Frieda Bohnacker, Lukas Hajek, Loris Sch\u00e4fer, Svenja N\u00f6tzel, Matti B\u00f6hm, Max Weber, Paul Fritz, Pauline Maleika, Binh Wittlinger<\/p>\n<p><strong>Es fehlen:<\/strong> Moritz Fetzer, Manuel H\u00e4rterich, Jamie Kenk, Till K\u00f6hle, Lukas M\u00e4rz, Nico Wittlinger, Emma Jungmann, Marli Schaaf<\/p>\n<hr \/>\n<p>&nbsp;<\/p>\n","protected":false},"excerpt":{"rendered":"<p>Hinten von links: Trainerinnen Lina Sbrzesny, Vanessa Hadyk,\u00a0Milo Geller, Hannes Kallinger, Max Henkel, Beppo Kaspar, Emil Bachmaier, Jannik Werner, Trainer\/in Matthias Horn, Lilly \u00d6chsle Vorne von links: Theo Bachmaier, Frieda Bohnacker, Lukas Hajek, Loris Sch\u00e4fer, Svenja N\u00f6tzel, Matti B\u00f6hm, Max Weber, Paul Fritz, Pauline Maleika, Binh Wittlinger Es fehlen: Moritz Fetzer, Manuel H\u00e4rterich, Jamie Kenk, [&hellip;]<\/p>\n","protected":false},"author":61,"featured_media":24532,"parent":14,"menu_order":25,"comment_status":"open","ping_status":"open","template":"\/templates\/team-custom.php","meta":{"_acf_changed":false,"footnotes":""},"class_list":["post-991","page","type-page","status-publish","has-post-thumbnail","hentry"],"acf":[],"_links":{"self":[{"href":"https:\/\/tsv-heiningen.de\/handball\/wp-json\/wp\/v2\/pages\/991","targetHints":{"allow":["GET"]}}],"collection":[{"href":"https:\/\/tsv-heiningen.de\/handball\/wp-json\/wp\/v2\/pages"}],"about":[{"href":"https:\/\/tsv-heiningen.de\/handball\/wp-json\/wp\/v2\/types\/page"}],"author":[{"embeddable":true,"href":"https:\/\/tsv-heiningen.de\/handball\/wp-json\/wp\/v2\/users\/61"}],"replies":[{"embeddable":true,"href":"https:\/\/tsv-heiningen.de\/handball\/wp-json\/wp\/v2\/comments?post=991"}],"version-history":[{"count":15,"href":"https:\/\/tsv-heiningen.de\/handball\/wp-json\/wp\/v2\/pages\/991\/revisions"}],"predecessor-version":[{"id":24605,"href":"https:\/\/tsv-heiningen.de\/handball\/wp-json\/wp\/v2\/pages\/991\/revisions\/24605"}],"up":[{"embeddable":true,"href":"https:\/\/tsv-heiningen.de\/handball\/wp-json\/wp\/v2\/pages\/14"}],"wp:featuredmedia":[{"embeddable":true,"href":"https:\/\/tsv-heiningen.de\/handball\/wp-json\/wp\/v2\/media\/24532"}],"wp:attachment":[{"href":"https:\/\/tsv-heiningen.de\/handball\/wp-json\/wp\/v2\/media?parent=991"}],"curies":[{"name":"wp","href":"https:\/\/api.w.org\/{rel}","templated":true}]}}