{"id":936,"date":"2013-10-26T22:08:53","date_gmt":"2013-10-26T20:08:53","guid":{"rendered":"https:\/\/tsv-heiningen.de\/handball\/\/?page_id=936"},"modified":"2025-09-23T16:00:04","modified_gmt":"2025-09-23T14:00:04","slug":"a-jugend-maennlich","status":"publish","type":"page","link":"https:\/\/tsv-heiningen.de\/handball\/teams\/a-jugend-maennlich\/","title":{"rendered":"A-Jugend m\u00e4nnlich"},"content":{"rendered":"<div>\n<p><img decoding=\"async\" class=\"alignnone size-full wp-image-29332\" src=\"https:\/\/tsv-heiningen.de\/handball\/wp-content\/uploads\/sites\/3\/2025_Teamfoto_Am.jpg\" alt=\"\" width=\"1369\" height=\"846\" srcset=\"https:\/\/tsv-heiningen.de\/handball\/wp-content\/uploads\/sites\/3\/2025_Teamfoto_Am.jpg 1369w, https:\/\/tsv-heiningen.de\/handball\/wp-content\/uploads\/sites\/3\/2025_Teamfoto_Am-768x475.jpg 768w\" sizes=\"(max-width: 1369px) 100vw, 1369px\" \/><\/p>\n<hr \/>\n<p><strong>Hinten von links:<\/strong> Fabian Junke, Josa Schmid, Mika Ehrmann, Finn M\u00fcller, Janne Braun, Anton Bachmaier<br \/>\n<strong>Mitte von links:<\/strong> Betreuer Julian Brandt, Liam Bencak, Noah Bachmaier, Alexis Rapp, Maximilian Rieger, Thorin N\u00e4gele<br \/>\n<strong>Vorne von links:<\/strong> Laurin K\u00f6rber, Jannick M\u00fcller-Gaebele, David Seyfang, Felix Wei\u00dfenborn, Pier Diaz<br \/>\n<strong>Es fehlen:<\/strong> Trainer Gerd R\u00f6mer, Vinzent Bohnacker<\/p>\n<\/div>\n<div>\n<hr \/>\n<h4 style=\"text-align: left;\"><a href=\"https:\/\/www.handball.net\/mannschaften\/handball4all.baden-wuerttemberg.1334976\/spielplan?dateFrom=2025-07-01&amp;dateTo=2026-06-30\" target=\"_blank\" rel=\"noopener\"><strong>Spielplan &amp; Tabelle (Handball.net)<\/strong><\/a><\/h4>\n<\/div>\n<p><strong><a href=\"https:\/\/tsv-heiningen.de\/handball\/wp-content\/uploads\/sites\/3\/2025-2026_Spieltermin_A-Jugend_maennlich.pdf\">2025-2026_Spieltermin_A-Jugend_maennlich<\/a><\/strong><\/p>\n<hr \/>\n<p>&nbsp;<\/p>\n","protected":false},"excerpt":{"rendered":"<p>Hinten von links: Fabian Junke, Josa Schmid, Mika Ehrmann, Finn M\u00fcller, Janne Braun, Anton Bachmaier Mitte von links: Betreuer Julian Brandt, Liam Bencak, Noah Bachmaier, Alexis Rapp, Maximilian Rieger, Thorin N\u00e4gele Vorne von links: Laurin K\u00f6rber, Jannick M\u00fcller-Gaebele, David Seyfang, Felix Wei\u00dfenborn, Pier Diaz Es fehlen: Trainer Gerd R\u00f6mer, Vinzent Bohnacker Spielplan &amp; Tabelle (Handball.net) [&hellip;]<\/p>\n","protected":false},"author":4,"featured_media":15245,"parent":14,"menu_order":7,"comment_status":"open","ping_status":"open","template":"\/templates\/team-custom.php","meta":{"_acf_changed":false,"footnotes":""},"class_list":["post-936","page","type-page","status-publish","has-post-thumbnail","hentry"],"acf":[],"_links":{"self":[{"href":"https:\/\/tsv-heiningen.de\/handball\/wp-json\/wp\/v2\/pages\/936","targetHints":{"allow":["GET"]}}],"collection":[{"href":"https:\/\/tsv-heiningen.de\/handball\/wp-json\/wp\/v2\/pages"}],"about":[{"href":"https:\/\/tsv-heiningen.de\/handball\/wp-json\/wp\/v2\/types\/page"}],"author":[{"embeddable":true,"href":"https:\/\/tsv-heiningen.de\/handball\/wp-json\/wp\/v2\/users\/4"}],"replies":[{"embeddable":true,"href":"https:\/\/tsv-heiningen.de\/handball\/wp-json\/wp\/v2\/comments?post=936"}],"version-history":[{"count":40,"href":"https:\/\/tsv-heiningen.de\/handball\/wp-json\/wp\/v2\/pages\/936\/revisions"}],"predecessor-version":[{"id":29498,"href":"https:\/\/tsv-heiningen.de\/handball\/wp-json\/wp\/v2\/pages\/936\/revisions\/29498"}],"up":[{"embeddable":true,"href":"https:\/\/tsv-heiningen.de\/handball\/wp-json\/wp\/v2\/pages\/14"}],"wp:featuredmedia":[{"embeddable":true,"href":"https:\/\/tsv-heiningen.de\/handball\/wp-json\/wp\/v2\/media\/15245"}],"wp:attachment":[{"href":"https:\/\/tsv-heiningen.de\/handball\/wp-json\/wp\/v2\/media?parent=936"}],"curies":[{"name":"wp","href":"https:\/\/api.w.org\/{rel}","templated":true}]}}