{"id":27625,"date":"2024-05-13T15:35:30","date_gmt":"2024-05-13T13:35:30","guid":{"rendered":"https:\/\/tsv-heiningen.de\/handball\/?page_id=27625"},"modified":"2024-10-15T12:54:51","modified_gmt":"2024-10-15T10:54:51","slug":"vereinsbus-starenexpress-ford-transit","status":"publish","type":"page","link":"https:\/\/tsv-heiningen.de\/handball\/vereinsbus-starenexpress-ford-transit\/","title":{"rendered":"Vereinsbus &#8211; Starenexpress"},"content":{"rendered":"<div class=\"wpb-content-wrapper\"><p>[vc_row][vc_column][vc_column_text]<\/p>\n<h2>Vereinsbus des F\u00f6rderverein Handball Heiningen e.V.<\/h2>\n<p>[\/vc_column_text][\/vc_column][\/vc_row][vc_row][vc_column][vc_single_image image=&#8220;27306&#8243; img_size=&#8220;full&#8220;][\/vc_column][\/vc_row][vc_row][vc_column][vc_separator][\/vc_column][\/vc_row][vc_row][vc_column][vc_column_text]<\/p>\n<h2>Fahrzeug \/ Ausstattung: Ford Transit \u2013 110 T300<\/h2>\n<p>[\/vc_column_text][\/vc_column][\/vc_row][vc_row][vc_column width=&#8220;1\/3&#8243;][vc_column_text]<\/p>\n<ul>\n<li>\n<h3>9-Sitzer<\/h3>\n<\/li>\n<li>\n<h3>Kraftstoff: Diesel<\/h3>\n<\/li>\n<li>\n<h3>Multifunktionslenkrad<\/h3>\n<\/li>\n<\/ul>\n<p>[\/vc_column_text][\/vc_column][vc_column width=&#8220;1\/3&#8243;][vc_column_text]<\/p>\n<ul>\n<li>\n<h3>T\u00dcV2023<\/h3>\n<\/li>\n<li>\n<h3>Schaltgetriebe<\/h3>\n<\/li>\n<li>\n<h3>Tempomat<\/h3>\n<\/li>\n<\/ul>\n<p>[\/vc_column_text][\/vc_column][vc_column width=&#8220;1\/3&#8243;][vc_column_text]<\/p>\n<ul>\n<li>\n<h3>Radio, CD, AUX<\/h3>\n<\/li>\n<li>\n<h3>Anh\u00e4ngerkupplung fest<\/h3>\n<\/li>\n<li>\n<h3>Sehr gro\u00dfer Stauraum<\/h3>\n<\/li>\n<\/ul>\n<p>[\/vc_column_text][\/vc_column][\/vc_row][vc_row][vc_column][vc_separator][\/vc_column][\/vc_row][vc_row][vc_column][vc_media_grid element_width=&#8220;3&#8243; grid_id=&#8220;vc_gid:1715608434210-8ba541a4-5be4-7&#8243; include=&#8220;27306,26043,27302,27305,27212,27301,26036,26037&#8243;][\/vc_column][\/vc_row][vc_row][vc_column][vc_separator][\/vc_column][\/vc_row][vc_row][vc_column][vc_column_text]<\/p>\n<h2>Mietvertrag \/ Nutzungsvereinbarung:<\/h2>\n<p><strong>Nutzung des Vereinsbusses erst ab 25 Jahren!!!<\/strong><\/p>\n<p>Download: <strong><a href=\"https:\/\/tsv-heiningen.de\/handball\/wp-content\/uploads\/sites\/3\/Nutzungsvereinbarung_Starenexpress_edit.pdf\">Mietvertrag Starenexpress<\/a><\/strong> [\/vc_column_text][\/vc_column][\/vc_row][vc_row][vc_column][vc_separator][\/vc_column][\/vc_row][vc_row][vc_column][vc_column_text]<\/p>\n<h2>Hier geht es zur Reservierung:<\/h2>\n<p>&nbsp;<\/p>\n<h3>\r\n      <div id=\"zhcal-root\" data-id=\"ccc661622a57c6f939114dd918109fde\" data-lang=\"de\"><\/div>\r\n      <script type=\"text\/javascript\" src=\"https:\/\/app.calendarapp.de\/loadcal.php\"><\/script>\r\n    <\/h3>\n<p>[\/vc_column_text][\/vc_column][\/vc_row][vc_row][vc_column][vc_column_text]<\/p>\n<h2>Nutzungsbedingungen zur Anmietung des Vereinsbusses:<\/h2>\n<p><strong>I. Pflichten des Mieters:<\/strong><br \/>\n1. Der Nutzungs\u2013 und Mietvertrag ist vor der Nutzung an den Vermieter ausgef\u00fcllt per Mail an \u201efoerderverein.handball@tsv-heiningen.de\u201c zur\u00fcckzuschicken. Der Nutzungsvertrag steht als\u00a0<strong><a href=\"https:\/\/tsv-heiningen.de\/handball\/wp-content\/uploads\/sites\/3\/Nutzungsvereinbarung_Starenexpress_edit.pdf\">Download\u00a0<\/a><\/strong>auf der Internetseite des TSV Heiningen \u2013 Handball zur Verf\u00fcgung. Mehrere Mieter haften als Gesamtschuldner. Treibstoff geht zu Lasten des Mieters.<\/p>\n<p>2. Das Fahrzeug darf nur vom Mieter und dem im Mietvertrag als Fahrer angegebenen Personen gef\u00fchrt werden. Der Mieter \u00fcberpr\u00fcft vor Fahrtantritt das Fahrzeug auf einen technisch einwandfreien Zustand.<\/p>\n<p>3. Der Mieter hat das Fahrzeug sorgsam zu behandeln und alle f\u00fcr die Benutzung ma\u00dfgeblichen Vorschriften und technischen Regeln zu beachten. Bei zus\u00e4tzlichen Reinigungsarbeiten durch den Verein werden mindestens 50,00 \u20ac in Rechnung gestellt. Beim Entstehen von Fremdkosten werden diese dem Verursacher<br \/>\nweitergegeben. Das Fahrtenbuch ist gewissenhaft und sauber zuf\u00fchren. Das Rauchen im Fahrzeug ist verboten. Das Fahrzeug ist im gereinigten Zustand innen (Fahrgastraum) an den Vermieter zur\u00fcckzugeben. Das Trinken von Alkohol ist untersagt. Es gilt die 0,00 Promille-Grenze.<\/p>\n<p>4. Dem Mieter ist es untersagt, das Fahrzeug zu Testzwecken, zum gewerblichen Personen- oder G\u00fcterverkehr sowie zu sonstigen rechtswidrigen Zwecken zu benutzen. Fahrten au\u00dferhalb des Bundesgebietes sind nur mit Zustimmung des Vermieters zul\u00e4ssig.<\/p>\n<p>5. Bei Unf\u00e4llen hat der Mieter dem Vermieter unverz\u00fcglich, sp\u00e4testens bei R\u00fcckgabe des Fahrzeuges, \u00fcber alle Einzelheiten schriftlich unter Vorlage einer Skizze zu unterrichten. Der Unfallbericht muss insbesondere Namen, Anschriften der beteiligten Personen und etwaigen Zeugen sowie amtliche Kennzeichen der<br \/>\nbeteiligten Fahrzeuge enthalten. Der Mieter hat nach einem Unfall die Polizei zu verst\u00e4ndigen. Brand- oder Entwendungssch\u00e4den sowie Wildsch\u00e4den sind vom Mieter dem Vermieter sowie der zust\u00e4ndigen Polizeibeh\u00f6rde unverz\u00fcglich anzuzeigen.<\/p>\n<p>6. Der Mieter ist verpflichtet, das Fahrzeug bei Ablauf der Mietzeit dem Vermieter am vereinbarten Ort zur\u00fcckzugeben. Der Mieter hat das Fahrzeug im selben Zustand zur\u00fcckzugeben, wie er es \u00fcbernommen hat, mit Ausnahme der durch den Mietgebrauch normalen Abnutzung des Fahrzeuges. Dem Mieter bleibt der Nachweis offen, dass dem Vermieter kein oder ein geringer Schaden entstanden ist.<\/p>\n<p><strong>II. Pflichten des Vermieters:<\/strong><br \/>\n1. as Fahrzeug ist gem\u00e4\u00df den jeweils geltenden Allgemeinen Bedingungen f\u00fcr die Kraftfahrtversicherung (VGH) versichert. Haftpflichtversicherung: Deckung bis zu 100 Mio. Euro, bei Personensch\u00e4den max. 15 Mio. Euro je Person und Teilkaskoversicherung mit 150,00 Euro Selbstbeteiligung<\/p>\n<p>2. Die Wartung des Fahrzeuges wird vom Vermieter entsprechend den Wartungsintervallen in einer Fachwerkstatt durchgef\u00fchrt.<\/p>\n<p>3. Wird w\u00e4hrend der Mietzeit eine Reparatur notwendig um den Betrieb oder die Verkehrssicherheit des Fahrzeuges zu gew\u00e4hrleisten, darf der Mieter eine Vertragswerkst\u00e4tte bis zum Kostenbeitrag von 100,00 Euro ohne weiteres, wegen gr\u00f6\u00dferer Reparaturen hingegen nur mit Zustimmung des Vermieters beauftragen. Die Reparatur tr\u00e4gt der Vermieter, wenn von Seiten des Mieters nicht grobfahrl\u00e4ssig gehandelt wurde<\/p>\n<p><strong>III. Haftung des Mieters:<\/strong><br \/>\n1. Der Mieter haftet nach den allgemeinen Haftungsbestimmungen, insbesondere bei drogen- oder alkoholbedingter Fahrunt\u00fcchtigkeit oder bei Nichtbeachtung der Stra\u00dfenverkehrsordnung. Im \u00dcbrigen haftet der Mieter unbeschr\u00e4nkt f\u00fcr alle von ihm zu vertretenden Sch\u00e4den, die bei der Benutzung des Fahrzeuges entstanden sind.<\/p>\n<p>2. Der Vermieter kann den Mieter gegen Zahlung einer Geb\u00fchr nach den Grunds\u00e4tzen einer Teilkaskoversicherung f\u00fcr Sch\u00e4den am gemieteten Fahrzeug freistellen. Von der Verpflichtung gem\u00e4\u00df I Ziffer 1 \u2013 6 ist der Mieter nicht befreit<\/p>\n<p>3. Der Mieter haftet f\u00fcr alle Verst\u00f6\u00dfe, die er gegen die Bestimmungen im Kraftfahrzeugverkehr begeht.<\/p>\n<p>4. Mehrere Mieter haften als Gesamtschuldner.<\/p>\n<p><strong>IV. Gerichtsstand und dem Vertrag unterstehendes Recht<\/strong><br \/>\nEs wird der Sitz des Vermieters als Gerichtsstand vereinbart. F\u00fcr alle Regelungen dieses Vertrages, einschlie\u00dflich seiner Auslegung, gilt deutsches Recht.[\/vc_column_text][\/vc_column][\/vc_row]<\/p>\n<\/div>","protected":false},"excerpt":{"rendered":"<p>[vc_row][vc_column][vc_column_text] Vereinsbus des F\u00f6rderverein Handball Heiningen e.V. [\/vc_column_text][\/vc_column][\/vc_row][vc_row][vc_column][vc_single_image image=&#8220;27306&#8243; img_size=&#8220;full&#8220;][\/vc_column][\/vc_row][vc_row][vc_column][vc_separator][\/vc_column][\/vc_row][vc_row][vc_column][vc_column_text] Fahrzeug \/ Ausstattung: Ford Transit \u2013 110 T300 [\/vc_column_text][\/vc_column][\/vc_row][vc_row][vc_column width=&#8220;1\/3&#8243;][vc_column_text] 9-Sitzer Kraftstoff: Diesel Multifunktionslenkrad [\/vc_column_text][\/vc_column][vc_column width=&#8220;1\/3&#8243;][vc_column_text] T\u00dcV2023 Schaltgetriebe Tempomat [\/vc_column_text][\/vc_column][vc_column width=&#8220;1\/3&#8243;][vc_column_text] Radio, CD, AUX Anh\u00e4ngerkupplung fest Sehr gro\u00dfer Stauraum [\/vc_column_text][\/vc_column][\/vc_row][vc_row][vc_column][vc_separator][\/vc_column][\/vc_row][vc_row][vc_column][vc_media_grid element_width=&#8220;3&#8243; grid_id=&#8220;vc_gid:1715608434210-8ba541a4-5be4-7&#8243; include=&#8220;27306,26043,27302,27305,27212,27301,26036,26037&#8243;][\/vc_column][\/vc_row][vc_row][vc_column][vc_separator][\/vc_column][\/vc_row][vc_row][vc_column][vc_column_text] Mietvertrag \/ Nutzungsvereinbarung: Nutzung des Vereinsbusses erst ab 25 Jahren!!! Download: Mietvertrag [&hellip;]<\/p>\n","protected":false},"author":1,"featured_media":15245,"parent":0,"menu_order":0,"comment_status":"closed","ping_status":"closed","template":"","meta":{"_acf_changed":false,"footnotes":""},"class_list":["post-27625","page","type-page","status-publish","has-post-thumbnail","hentry"],"acf":[],"_links":{"self":[{"href":"https:\/\/tsv-heiningen.de\/handball\/wp-json\/wp\/v2\/pages\/27625","targetHints":{"allow":["GET"]}}],"collection":[{"href":"https:\/\/tsv-heiningen.de\/handball\/wp-json\/wp\/v2\/pages"}],"about":[{"href":"https:\/\/tsv-heiningen.de\/handball\/wp-json\/wp\/v2\/types\/page"}],"author":[{"embeddable":true,"href":"https:\/\/tsv-heiningen.de\/handball\/wp-json\/wp\/v2\/users\/1"}],"replies":[{"embeddable":true,"href":"https:\/\/tsv-heiningen.de\/handball\/wp-json\/wp\/v2\/comments?post=27625"}],"version-history":[{"count":11,"href":"https:\/\/tsv-heiningen.de\/handball\/wp-json\/wp\/v2\/pages\/27625\/revisions"}],"predecessor-version":[{"id":28440,"href":"https:\/\/tsv-heiningen.de\/handball\/wp-json\/wp\/v2\/pages\/27625\/revisions\/28440"}],"wp:featuredmedia":[{"embeddable":true,"href":"https:\/\/tsv-heiningen.de\/handball\/wp-json\/wp\/v2\/media\/15245"}],"wp:attachment":[{"href":"https:\/\/tsv-heiningen.de\/handball\/wp-json\/wp\/v2\/media?parent=27625"}],"curies":[{"name":"wp","href":"https:\/\/api.w.org\/{rel}","templated":true}]}}