{"id":1398,"date":"2013-11-26T22:03:32","date_gmt":"2013-11-26T21:03:32","guid":{"rendered":"https:\/\/tsv-heiningen.de\/handball\/\/?page_id=1398"},"modified":"2024-09-07T06:55:38","modified_gmt":"2024-09-07T04:55:38","slug":"vollmitglied","status":"publish","type":"page","link":"https:\/\/tsv-heiningen.de\/handball\/vollmitglied\/","title":{"rendered":"Gold &#8211; F\u00f6rderer"},"content":{"rendered":"<p>Die Beitr\u00e4ge unserer Mitglieder werden zur F\u00f6rderung des aktiven Handballsports verwendet. Zielsetzung ist es, beim TSV Heiningen attraktiven Handball durch Unterst\u00fctzung von Ma\u00dfnahmen zur Leistungsoptimierung, Trainingsgestaltung sowie Aufbau und Bindung von Talenten zu f\u00f6rdern.<\/p>\n<p>Jahresbeitrag 30,\u2013\u20ac zzgl. erbetener Spende (siehe Antrag)<\/p>\n<p><img decoding=\"async\" class=\"alignnone size-medium wp-image-21008\" src=\"https:\/\/tsv-heiningen.de\/handball\/wp-content\/uploads\/sites\/3\/Gold_F\u00f6rderer_01-300x199.png\" alt=\"\" width=\"300\" height=\"199\" srcset=\"https:\/\/tsv-heiningen.de\/handball\/wp-content\/uploads\/sites\/3\/Gold_F\u00f6rderer_01-300x199.png 300w, https:\/\/tsv-heiningen.de\/handball\/wp-content\/uploads\/sites\/3\/Gold_F\u00f6rderer_01-293x195.png 293w, https:\/\/tsv-heiningen.de\/handball\/wp-content\/uploads\/sites\/3\/Gold_F\u00f6rderer_01.png 470w\" sizes=\"(max-width: 300px) 100vw, 300px\" \/><\/p>\n<hr \/>\n<p><strong>Unsere &#8222;Gold &#8211; F\u00f6rderer&#8220;<\/strong><\/p>\n<p>Marina &amp; Detlef Kosior, Heiningen; Dieter Sp\u00f6rle, Hattenhofen; Dr. Marc Encke, Heiningen; Viola und Gerhard Z\u00f6ller, Eschenbach; G\u00fcnther Kauderer, Heiningen; Andrea &amp; Hans- Joerg Straub, Horst Welz, Heiningen; Marcus Graf, G\u00f6ppingen; Markus Kingeter, Eschenbach; Juergen Ladwig, Heiningen; Matthias Schenk, Heiningen; Michael Sbrzesny, Manzen; Patrick H\u00e4delt, Eschenbach; Thomas Kingeter, Eschenbach; Corina &amp; Timo Rapp, Heiningen; Wolfgang Ziegelin, Heiningen; Matthias Horn, Eislingen, Thomas Rothfuss, Gruibingen, Claudi &amp; Ivan Gorski, Schlat, Jutta Scheffer, Heiningen;<\/p>\n<hr \/>\n<p>Bei Fragen oder einer gew\u00fcnschten Mitgliedschaft steht Ihnen Patrick H\u00e4delt gerne zur Verf\u00fcgung.<\/p>\n<p>Telefon: +49 7161 \/ 15 64 68 7<\/p>\n<p>Mail: <a href=\"mailto:foerderverein.handball@tsv-heiningen.de\">foerderverein.handball@tsv-heiningen.de<\/a><\/p>\n<hr \/>\n<p>&nbsp;<\/p>\n","protected":false},"excerpt":{"rendered":"<p>Die Beitr\u00e4ge unserer Mitglieder werden zur F\u00f6rderung des aktiven Handballsports verwendet. Zielsetzung ist es, beim TSV Heiningen attraktiven Handball durch Unterst\u00fctzung von Ma\u00dfnahmen zur Leistungsoptimierung, Trainingsgestaltung sowie Aufbau und Bindung von Talenten zu f\u00f6rdern. Jahresbeitrag 30,\u2013\u20ac zzgl. erbetener Spende (siehe Antrag) Unsere &#8222;Gold &#8211; F\u00f6rderer&#8220; Marina &amp; Detlef Kosior, Heiningen; Dieter Sp\u00f6rle, Hattenhofen; Dr. Marc [&hellip;]<\/p>\n","protected":false},"author":23,"featured_media":15245,"parent":0,"menu_order":0,"comment_status":"open","ping_status":"open","template":"","meta":{"_acf_changed":false,"footnotes":""},"class_list":["post-1398","page","type-page","status-publish","has-post-thumbnail","hentry"],"acf":[],"_links":{"self":[{"href":"https:\/\/tsv-heiningen.de\/handball\/wp-json\/wp\/v2\/pages\/1398","targetHints":{"allow":["GET"]}}],"collection":[{"href":"https:\/\/tsv-heiningen.de\/handball\/wp-json\/wp\/v2\/pages"}],"about":[{"href":"https:\/\/tsv-heiningen.de\/handball\/wp-json\/wp\/v2\/types\/page"}],"author":[{"embeddable":true,"href":"https:\/\/tsv-heiningen.de\/handball\/wp-json\/wp\/v2\/users\/23"}],"replies":[{"embeddable":true,"href":"https:\/\/tsv-heiningen.de\/handball\/wp-json\/wp\/v2\/comments?post=1398"}],"version-history":[{"count":18,"href":"https:\/\/tsv-heiningen.de\/handball\/wp-json\/wp\/v2\/pages\/1398\/revisions"}],"predecessor-version":[{"id":28191,"href":"https:\/\/tsv-heiningen.de\/handball\/wp-json\/wp\/v2\/pages\/1398\/revisions\/28191"}],"wp:featuredmedia":[{"embeddable":true,"href":"https:\/\/tsv-heiningen.de\/handball\/wp-json\/wp\/v2\/media\/15245"}],"wp:attachment":[{"href":"https:\/\/tsv-heiningen.de\/handball\/wp-json\/wp\/v2\/media?parent=1398"}],"curies":[{"name":"wp","href":"https:\/\/api.w.org\/{rel}","templated":true}]}}