{"id":24,"date":"2018-08-22T10:10:04","date_gmt":"2018-08-22T08:10:04","guid":{"rendered":"https:\/\/tsv-heiningen.de\/geraetturnen\/?page_id=24"},"modified":"2026-04-16T21:47:13","modified_gmt":"2026-04-16T19:47:13","slug":"teams","status":"publish","type":"page","link":"https:\/\/tsv-heiningen.de\/geraetturnen\/teams\/","title":{"rendered":"Trainingsinformationen"},"content":{"rendered":"<h2>Unser Ger\u00e4tturnen<\/h2>\n<p>Im Ger\u00e4tturnen k\u00f6nnen bei uns Kinder ab 6 Jahren (mit Eintritt in die Schule) turnerische Erfahrung an den Gro\u00dfger\u00e4ten sammeln (Sprung, Reck, Boden, Balken). Durch die turnerischen Elemente und \u00dcbungen werden die Koordination, das K\u00f6rpergef\u00fchl, die Kondition und Beweglichkeit verbessert. Die Kinder sammeln erste Erfahrungen bei Wettk\u00e4mpfen. Unser Training richtet sich vorrangig an Kinder, welche aus Heiningen kommen.<\/p>\n<h2>Trainingszeiten<\/h2>\n<p>Unser Training findet jeden Freitag von 17:00 &#8211; 19:00 Uhr in der Voralbhalle in Heiningen statt.<\/p>\n<h2>Gruppenaufteilung<\/h2>\n<p>Wir teilen die Kinder und Jugendlichen je nach Alter in verschiedene Gruppen ein. Aktuell haben wir bereits f\u00fcnf Gruppen, davon hat jede Gruppe mindestens eine\/n Trainer\/in und die Kids werden an die verschiedenen Ger\u00e4te und Elemente vom Ger\u00e4tturnen herangef\u00fchrt.<\/p>\n<h2>Teilnahme an unserem Training &#8211; Aufnahmestopp!<\/h2>\n<p>Eine Teilnahme am Training ist grunds\u00e4tzlich erst mit vorheriger Absprache per E-Mail gestattet!<\/p>\n<p>Mitzubringen ist: Sportkleidung, Schl\u00e4ppchen, Trinken und Haargummi (f\u00fcr lange Haare)<\/p>\n<p>&nbsp;<\/p>\n<p>Wir haben aktuell <strong>Aufnahmestopp<\/strong> und bieten derzeit auch kein Schnuppertraining an. (Stand April 2026)<\/p>\n<p>Jedoch k\u00f6nnen Sie, um auf die Warteliste gesetzt zu werden, uns gerne eine E-Mail schreiben an: <strong>geraetturnen@tsv-heiningen.de<\/strong><\/p>\n<ul>\n<li>Kinder ab Jahrgang 2015 und \u00e4lter, k\u00f6nnen wir gerne auf unsere Warteliste setzen. Teilen Sie uns hierzu gerne per E-Mail den Namen Ihres Kindes, das Geburtsdatum sowie Ihren Wohnort mit.<\/li>\n<li>F\u00fcr die j\u00fcngeren Kinder ab Jahrgang 2016 und j\u00fcnger k\u00f6nnen wir aktuell keine Warteliste mehr f\u00fchren. Wir informieren auf unserer Homepage, sobald es wieder m\u00f6glich ist. Von E-Mail Anfragen derart bitten wir daher abzusehen. Vielen Dank!<\/li>\n<\/ul>\n<p>&nbsp;<\/p>\n<p><img decoding=\"async\" class=\"alignnone size-full wp-image-1694\" src=\"https:\/\/tsv-heiningen.de\/geraetturnen\/wp-content\/uploads\/sites\/25\/Slider_Turnen_06.png\" alt=\"\" width=\"1920\" height=\"650\" srcset=\"https:\/\/tsv-heiningen.de\/geraetturnen\/wp-content\/uploads\/sites\/25\/Slider_Turnen_06.png 1920w, https:\/\/tsv-heiningen.de\/geraetturnen\/wp-content\/uploads\/sites\/25\/Slider_Turnen_06-768x260.png 768w, https:\/\/tsv-heiningen.de\/geraetturnen\/wp-content\/uploads\/sites\/25\/Slider_Turnen_06-1536x520.png 1536w\" sizes=\"(max-width: 1920px) 100vw, 1920px\" \/><\/p>\n<p>&nbsp;<\/p>\n","protected":false},"excerpt":{"rendered":"<p>Unser Ger\u00e4tturnen Im Ger\u00e4tturnen k\u00f6nnen bei uns Kinder ab 6 Jahren (mit Eintritt in die Schule) turnerische Erfahrung an den Gro\u00dfger\u00e4ten sammeln (Sprung, Reck, Boden, Balken). Durch die turnerischen Elemente und \u00dcbungen werden die Koordination, das K\u00f6rpergef\u00fchl, die Kondition und Beweglichkeit verbessert. Die Kinder sammeln erste Erfahrungen bei Wettk\u00e4mpfen. Unser Training richtet sich vorrangig an [&hellip;]<\/p>\n","protected":false},"author":31,"featured_media":0,"parent":0,"menu_order":1,"comment_status":"closed","ping_status":"closed","template":"","meta":{"_acf_changed":false,"footnotes":""},"class_list":["post-24","page","type-page","status-publish","hentry"],"acf":[],"_links":{"self":[{"href":"https:\/\/tsv-heiningen.de\/geraetturnen\/wp-json\/wp\/v2\/pages\/24","targetHints":{"allow":["GET"]}}],"collection":[{"href":"https:\/\/tsv-heiningen.de\/geraetturnen\/wp-json\/wp\/v2\/pages"}],"about":[{"href":"https:\/\/tsv-heiningen.de\/geraetturnen\/wp-json\/wp\/v2\/types\/page"}],"author":[{"embeddable":true,"href":"https:\/\/tsv-heiningen.de\/geraetturnen\/wp-json\/wp\/v2\/users\/31"}],"replies":[{"embeddable":true,"href":"https:\/\/tsv-heiningen.de\/geraetturnen\/wp-json\/wp\/v2\/comments?post=24"}],"version-history":[{"count":36,"href":"https:\/\/tsv-heiningen.de\/geraetturnen\/wp-json\/wp\/v2\/pages\/24\/revisions"}],"predecessor-version":[{"id":1925,"href":"https:\/\/tsv-heiningen.de\/geraetturnen\/wp-json\/wp\/v2\/pages\/24\/revisions\/1925"}],"wp:attachment":[{"href":"https:\/\/tsv-heiningen.de\/geraetturnen\/wp-json\/wp\/v2\/media?parent=24"}],"curies":[{"name":"wp","href":"https:\/\/api.w.org\/{rel}","templated":true}]}}

<h2>Unser Gerätturnen</h2>
<p>Im Gerätturnen können bei uns Kinder ab 6 Jahren (mit Eintritt in die Schule) turnerische Erfahrung an den Großgeräten sammeln (Sprung, Reck, Boden, Balken). Durch die turnerischen Elemente und Übungen werden die Koordination, das Körpergefühl, die Kondition und Beweglichkeit verbessert. Die Kinder sammeln erste Erfahrungen bei Wettkämpfen. Unser Training richtet sich vorrangig an Kinder, welche aus Heiningen kommen.</p>
<h2>Trainingszeiten</h2>
<p>Unser Training findet jeden Freitag von 17:00 &#8211; 19:00 Uhr in der Voralbhalle in Heiningen statt.</p>
<h2>Gruppenaufteilung</h2>
<p>Wir teilen die Kinder und Jugendlichen je nach Alter in verschiedene Gruppen ein. Aktuell haben wir bereits fünf Gruppen, davon hat jede Gruppe mindestens eine/n Trainer/in und die Kids werden an die verschiedenen Geräte und Elemente vom Gerätturnen herangeführt.</p>
<h2>Teilnahme an unserem Training &#8211; Aufnahmestopp!</h2>
<p>Eine Teilnahme am Training ist grundsätzlich erst mit vorheriger Absprache per E-Mail gestattet!</p>
<p>Mitzubringen ist: Sportkleidung, Schläppchen, Trinken und Haargummi (für lange Haare)</p>
<p>&nbsp;</p>
<p>Wir haben aktuell <strong>Aufnahmestopp</strong> und bieten derzeit auch kein Schnuppertraining an. (Stand April 2026)</p>
<p>Jedoch können Sie, um auf die Warteliste gesetzt zu werden, uns gerne eine E-Mail schreiben an: <strong>geraetturnen@tsv-heiningen.de</strong></p>
<ul>
<li>Kinder ab Jahrgang 2015 und älter, können wir gerne auf unsere Warteliste setzen. Teilen Sie uns hierzu gerne per E-Mail den Namen Ihres Kindes, das Geburtsdatum sowie Ihren Wohnort mit.</li>
<li>Für die jüngeren Kinder ab Jahrgang 2016 und jünger können wir aktuell keine Warteliste mehr führen. Wir informieren auf unserer Homepage, sobald es wieder möglich ist. Von E-Mail Anfragen derart bitten wir daher abzusehen. Vielen Dank!</li>
</ul>
<p>&nbsp;</p>
<p><img decoding="async" class="alignnone size-full wp-image-1694" src="https://tsv-heiningen.de/geraetturnen/wp-content/uploads/sites/25/Slider_Turnen_06.png" alt="" width="1920" height="650" srcset="https://tsv-heiningen.de/geraetturnen/wp-content/uploads/sites/25/Slider_Turnen_06.png 1920w, https://tsv-heiningen.de/geraetturnen/wp-content/uploads/sites/25/Slider_Turnen_06-768x260.png 768w, https://tsv-heiningen.de/geraetturnen/wp-content/uploads/sites/25/Slider_Turnen_06-1536x520.png 1536w" sizes="(max-width: 1920px) 100vw, 1920px" /></p>
<p>&nbsp;</p>

<p>Unser Gerätturnen Im Gerätturnen können bei uns Kinder ab 6 Jahren (mit Eintritt in die Schule) turnerische Erfahrung an den Großgeräten sammeln (Sprung, Reck, Boden, Balken). Durch die turnerischen Elemente und Übungen werden die Koordination, das Körpergefühl, die Kondition und Beweglichkeit verbessert. Die Kinder sammeln erste Erfahrungen bei Wettkämpfen. Unser Training richtet sich vorrangig an [&hellip;]</p>
