{"id":23,"date":"2018-08-18T15:20:50","date_gmt":"2018-08-18T13:20:50","guid":{"rendered":"https:\/\/tsv-heiningen.de\/budosport\/?page_id=23"},"modified":"2024-05-20T15:50:38","modified_gmt":"2024-05-20T13:50:38","slug":"home","status":"publish","type":"page","link":"https:\/\/tsv-heiningen.de\/budosport\/","title":{"rendered":"Home"},"content":{"rendered":"<div class=\"wpb-content-wrapper\"><p>[vc_row][vc_column width=&#8220;1\/3&#8243;]<div class='dt-sc-image-caption type2 '><a href=\"https:\/\/tsv-heiningen.de\/budosport\/events\/\" target=\"_self\" title=\"Aktuelles\/ Termine\"><div class='dt-sc-image-wrapper'><img decoding=\"async\" width=\"300\" height=\"200\" src=\"https:\/\/tsv-heiningen.de\/budosport\/wp-content\/uploads\/sites\/23\/14.png\" class=\"attachment-full\" alt=\"\" title=\"14\" \/><\/div><div class='dt-sc-image-content'><div class='dt-sc-image-title'><h3><a href=\"https:\/\/tsv-heiningen.de\/budosport\/events\/\" target=\"_self\" title=\"Aktuelles\/ Termine\">Aktuelles \/ Termine<\/a><\/h3><\/div><p><\/p><\/div><\/div>[\/vc_column][vc_column width=&#8220;1\/3&#8243;]<div class='dt-sc-image-caption type2 '><a href=\"https:\/\/tsv-heiningen.de\/budosport\/ansprechpartner\/\" target=\"_self\" title=\"Ansprechpartner\"><div class='dt-sc-image-wrapper'><img decoding=\"async\" width=\"300\" height=\"200\" src=\"https:\/\/tsv-heiningen.de\/budosport\/wp-content\/uploads\/sites\/23\/Ansprechpartner-2.png\" class=\"attachment-full\" alt=\"\" title=\"Ansprechpartner-2\" \/><\/div><div class='dt-sc-image-content'><div class='dt-sc-image-title'><h3><a href=\"https:\/\/tsv-heiningen.de\/budosport\/ansprechpartner\/\" target=\"_self\" title=\"Ansprechpartner\">Ansprechpartner<\/a><\/h3><\/div><p><\/p><\/div><\/div>[\/vc_column][vc_column width=&#8220;1\/3&#8243;]<div class='dt-sc-image-caption type2 '><a href=\"https:\/\/tsv-heiningen.de\/budosport\/trainingszeiten\/\" target=\"_self\" title=\"Trainingszeiten\"><div class='dt-sc-image-wrapper'><img decoding=\"async\" width=\"300\" height=\"200\" src=\"https:\/\/tsv-heiningen.de\/budosport\/wp-content\/uploads\/sites\/23\/Teams.png\" class=\"attachment-full\" alt=\"\" title=\"Teams\" \/><\/div><div class='dt-sc-image-content'><div class='dt-sc-image-title'><h3><a href=\"https:\/\/tsv-heiningen.de\/budosport\/trainingszeiten\/\" target=\"_self\" title=\"Trainingszeiten\">Trainingszeiten<\/a><\/h3><\/div><p><\/p><\/div><\/div>[\/vc_column][vc_column]<div id=\"1711440538746-4a115d0e-589a\" class=\"dt-sc-empty-space\"><\/div>[\/vc_column][\/vc_row][vc_row][vc_column width=&#8220;1\/3&#8243;]<div class='dt-sc-image-caption type2 '><a href=\"https:\/\/tsv-heiningen.de\/budosport\/sponsoren\/\" target=\"_self\" title=\"\"><div class='dt-sc-image-wrapper'><img decoding=\"async\" width=\"300\" height=\"200\" src=\"https:\/\/tsv-heiningen.de\/budosport\/wp-content\/uploads\/sites\/23\/Hintergrundinfos.png\" class=\"attachment-full\" alt=\"\" title=\"Hintergrundinfos\" \/><\/div><div class='dt-sc-image-content'><div class='dt-sc-image-title'><h3><a href=\"https:\/\/tsv-heiningen.de\/budosport\/sponsoren\/\" target=\"_self\">Hintergrundinfos<\/a><\/h3><\/div><p><\/p><\/div><\/div>[\/vc_column][vc_column width=&#8220;1\/3&#8243;]<div class='dt-sc-image-caption type2 '><a href=\"https:\/\/tsv-heiningen.de\/budosport\/galerie\/\" target=\"_self\" title=\"Galerie\"><div class='dt-sc-image-wrapper'><img decoding=\"async\" width=\"300\" height=\"200\" src=\"https:\/\/tsv-heiningen.de\/budosport\/wp-content\/uploads\/sites\/23\/Live-Uebertragung_HP_02.png\" class=\"attachment-full\" alt=\"\" title=\"Live-Uebertragung_HP_02\" \/><\/div><div class='dt-sc-image-content'><div class='dt-sc-image-title'><h3><a href=\"https:\/\/tsv-heiningen.de\/budosport\/galerie\/\" target=\"_self\" title=\"Galerie\">Galerie<\/a><\/h3><\/div><p><\/p><\/div><\/div>[\/vc_column][vc_column width=&#8220;1\/3&#8243;]<div class='dt-sc-image-caption type2 '><a href=\"https:\/\/tsv-heiningen.de\/budosport\/teams\/\" target=\"_self\" title=\"Downloads\"><div class='dt-sc-image-wrapper'><img decoding=\"async\" width=\"300\" height=\"200\" src=\"https:\/\/tsv-heiningen.de\/budosport\/wp-content\/uploads\/sites\/23\/13.png\" class=\"attachment-full\" alt=\"\" title=\"13\" \/><\/div><div class='dt-sc-image-content'><div class='dt-sc-image-title'><h3><a href=\"https:\/\/tsv-heiningen.de\/budosport\/teams\/\" target=\"_self\" title=\"Downloads\">Downloads<\/a><\/h3><\/div><p><\/p><\/div><\/div>[\/vc_column][\/vc_row][vc_row][vc_column]<div id=\"1716213028213-3624af45-94e2\" class=\"dt-sc-empty-space\"><\/div>[\/vc_column][\/vc_row][vc_row full_width=&#8220;stretch_row&#8220; equal_height=&#8220;yes&#8220; content_placement=&#8220;middle&#8220; parallax=&#8220;content-moving&#8220; parallax_image=&#8220;76&#8243; css_animation=&#8220;fadeInUp&#8220; css=&#8220;.vc_custom_1711440033847{margin-top: 25px !important;margin-bottom: 25px !important;}&#8220; addstyles=&#8220;height: 400px;&#8220;][vc_column width=&#8220;1\/2&#8243;][\/vc_column][vc_column width=&#8220;1\/2&#8243; el_class=&#8220;rs_col-sm-9 slanting-edge&#8220; css=&#8220;.vc_custom_1711439924706{margin-top: 35px !important;}&#8220;][vc_column_text]<\/p>\n<h3>Kontakt Budosport<\/h3>\n<div class=\"textwidget\">\n<p><strong>Michael Straub<br \/>\n<\/strong>Abteilungsleiter, Trainer Judo, Trainer SV<br \/>\nTelefon: 0<span class=\"cmp_parsed_phone\">7335 185121<br \/>\n<\/span>E-Mail: Budosport@TSV-Heiningen.de<\/p>\n<\/div>\n<p>[\/vc_column_text][\/vc_column][\/vc_row][vc_row][vc_column][vc_column_text]<\/p>\n<h1>Willkommen in der Abteilung Judo\/Jiu-Jitsu<\/h1>\n<p>Wir begr\u00fc\u00dfen euch bei der Budosport-Abteilung des TSV Heiningen!<\/p>\n<p>Der Schwerpunkt unserer Abteilung im Bereich Judo liegt in der Kinder und Jugendarbeit, w\u00e4hrend das Jiu-Jitsu vornehmlich von Jugendlichen und Erwachsenen betrieben wird.[\/vc_column_text][vc_column_text]<\/p>\n<h2>Unser Leitgedanke<\/h2>\n<p>Im Gegensatz zu anderen Vereinen nehmen wir nicht regelm\u00e4\u00dfig an Wettk\u00e4mpfen Teil. Deshalb kann, je nach Vorlieben unserer Trainer oder unserer Sch\u00fcler, tiefer in Wurf-, Fall-, Boden-, W\u00fcrge-, Hebel- oder Schlagtechniken (Jiu-Jitsu) eingegangen werden. Aus diesem Grund hat \u201eunser\u201c Judo &amp; Jiu-Jitsu einen mehr sportlichen Charakter. Innerhalb unserer Abteilung haben sich zudem schon viele Freundschaften entwickelt, die durch gemeinsame Aktivit\u00e4ten wie z.B. Zeltlager, Abteilungsausfl\u00fcge und Grillabende gepflegt und gefestigt werden.[\/vc_column_text][\/vc_column][\/vc_row]<\/p>\n<\/div>","protected":false},"excerpt":{"rendered":"<p>[vc_row][vc_column width=&#8220;1\/3&#8243;][\/vc_column][vc_column width=&#8220;1\/3&#8243;][\/vc_column][vc_column width=&#8220;1\/3&#8243;][\/vc_column][vc_column][\/vc_column][\/vc_row][vc_row][vc_column width=&#8220;1\/3&#8243;][\/vc_column][vc_column width=&#8220;1\/3&#8243;][\/vc_column][vc_column width=&#8220;1\/3&#8243;][\/vc_column][\/vc_row][vc_row][vc_column][\/vc_column][\/vc_row][vc_row full_width=&#8220;stretch_row&#8220; equal_height=&#8220;yes&#8220; content_placement=&#8220;middle&#8220; parallax=&#8220;content-moving&#8220; parallax_image=&#8220;76&#8243; css_animation=&#8220;fadeInUp&#8220; css=&#8220;.vc_custom_1711440033847{margin-top: 25px !important;margin-bottom: 25px !important;}&#8220; addstyles=&#8220;height: 400px;&#8220;][vc_column width=&#8220;1\/2&#8243;][\/vc_column][vc_column width=&#8220;1\/2&#8243; el_class=&#8220;rs_col-sm-9 slanting-edge&#8220; css=&#8220;.vc_custom_1711439924706{margin-top: 35px !important;}&#8220;][vc_column_text] Kontakt Budosport Michael Straub Abteilungsleiter, Trainer Judo, Trainer SV Telefon: 07335 185121 E-Mail: Budosport@TSV-Heiningen.de [\/vc_column_text][\/vc_column][\/vc_row][vc_row][vc_column][vc_column_text] Willkommen in der Abteilung Judo\/Jiu-Jitsu Wir begr\u00fc\u00dfen euch bei der Budosport-Abteilung des TSV [&hellip;]<\/p>\n","protected":false},"author":2,"featured_media":26,"parent":0,"menu_order":0,"comment_status":"closed","ping_status":"closed","template":"","meta":{"_acf_changed":false,"footnotes":""},"class_list":["post-23","page","type-page","status-publish","has-post-thumbnail","hentry"],"acf":[],"_links":{"self":[{"href":"https:\/\/tsv-heiningen.de\/budosport\/wp-json\/wp\/v2\/pages\/23","targetHints":{"allow":["GET"]}}],"collection":[{"href":"https:\/\/tsv-heiningen.de\/budosport\/wp-json\/wp\/v2\/pages"}],"about":[{"href":"https:\/\/tsv-heiningen.de\/budosport\/wp-json\/wp\/v2\/types\/page"}],"author":[{"embeddable":true,"href":"https:\/\/tsv-heiningen.de\/budosport\/wp-json\/wp\/v2\/users\/2"}],"replies":[{"embeddable":true,"href":"https:\/\/tsv-heiningen.de\/budosport\/wp-json\/wp\/v2\/comments?post=23"}],"version-history":[{"count":62,"href":"https:\/\/tsv-heiningen.de\/budosport\/wp-json\/wp\/v2\/pages\/23\/revisions"}],"predecessor-version":[{"id":25549,"href":"https:\/\/tsv-heiningen.de\/budosport\/wp-json\/wp\/v2\/pages\/23\/revisions\/25549"}],"wp:featuredmedia":[{"embeddable":true,"href":"https:\/\/tsv-heiningen.de\/budosport\/wp-json\/wp\/v2\/media\/26"}],"wp:attachment":[{"href":"https:\/\/tsv-heiningen.de\/budosport\/wp-json\/wp\/v2\/media?parent=23"}],"curies":[{"name":"wp","href":"https:\/\/api.w.org\/{rel}","templated":true}]}}